{"id":28714,"date":"2020-04-05T13:53:50","date_gmt":"2020-04-05T11:53:50","guid":{"rendered":"\/amministrazione\/?page_id=28714"},"modified":"2025-12-17T15:55:35","modified_gmt":"2025-12-17T14:55:35","slug":"auto-infn","status":"publish","type":"page","link":"\/amministrazione\/auto-infn\/","title":{"rendered":"Auto INFN"},"content":{"rendered":"\n<p><span style=\"font-family: Open Sans;font-size: 24px\"><strong><br>Auto INFN Sezione di Bologna<\/strong><\/span><\/p>\n<p><span style=\"font-family: Open Sans;font-size: 18px\"><br>Norme di utilizzo<\/span><\/p>\n\n\n\n<ul>\n<li><strong><span style=\"font-family: Open Sans\">Gli automezzi possono essere guidati esclusivamente dal personale dipendente I.N.F.N. e dal personale Associato con incarico di ricerca o collaborazione tecnica (NO borsisti).<\/span><\/strong><\/li>\n<li><span style=\"font-family: Open Sans\">Gli automezzi vanno riconsegnati, scarichi, con i sedili installati e con l&#8217;interno pulito.<\/span><\/li>\n<li><span style=\"font-family: Open Sans\">Ogni automezzo ha un libro di marcia da compilare e firmare in ogni sua parte.<\/span><\/li>\n<li><span style=\"font-family: Open Sans\">Eventuali richieste di rimborso di rifornimento carburante devono essere inoltrate con fotocopia della pagina del libro di marcia e ricevuta della stazione di servizio.<\/span><\/li>\n<li><span style=\"font-family: Open Sans\">Eventuali necessit\u00e0 di tagliandi e\/o manutenzione degli automezzi hanno priorit\u00e0 sulle prenotazioni \u00e8 quindi utile informarsi prima della partenza della effettiva disponibilit\u00e0 e dello stato del mezzo.<\/span><\/li>\n<li><span style=\"font-family: Open Sans\">Carta Carburante<\/span><br data-rich-text-line-break=\"true\"><span style=\"font-family: Open Sans\">Cartissima Q8 publipass<\/span><br data-rich-text-line-break=\"true\"><span style=\"font-family: Open Sans\">Email: flotte@q8.it<\/span><br data-rich-text-line-break=\"true\"><span style=\"font-family: Open Sans\">sito internet: www.flotte.q8.it<\/span><br data-rich-text-line-break=\"true\"><span style=\"font-family: Open Sans\">App mobile: CartissimaQ8 disponibile per Android e iOs<\/span><br data-rich-text-line-break=\"true\"><span style=\"font-family: Open Sans\">Blocco carta per smarrimento e furto numero verde h24 800868079<\/span><br data-rich-text-line-break=\"true\">&nbsp;<\/li>\n<\/ul>\n\n\n\n<p><span style=\"font-family: verdana, geneva, sans-serif\"><span style=\"font-family: Open Sans\"><strong>ATTENZIONE<\/strong>: Il nuovo decreto sulla Sicurezza Stradale obbliga la circolazione, su tangenziali ed autostrade, con i fari accesi anche di giorno.<\/span><br><br><\/span><\/p>\n\n\n\n<hr class=\"wp-block-separator\" \/>\n<p><span style=\"font-family: Open Sans;font-size: 18px\"><strong><a href=\"https:\/\/agenda.infn.it\/category\/2020\/\" target=\"_blank\" rel=\"noopener nofollow external noreferrer\" data-wpel-link=\"external\" title=\"Open page in new tab Visualizzazione annuale delle prenotazioni 2026\">Visualizzazione annuale delle prenotazioni 2026<\/a><\/strong><\/span><\/p>\n<p><span style=\"font-family: Open Sans;font-size: 18px\"><a href=\"https:\/\/agenda.infn.it\/category\/2020\/calendar\" target=\"_blank\" rel=\"noopener nofollow external noreferrer\" data-wpel-link=\"external\" title=\"Open page in new tab Visualizzazione mensile delle prenotazioni 2026\"><strong>Visualizzazione mensile delle prenotazioni 2026<\/strong><\/a><\/span><\/p>\n<p><span style=\"font-family: Open Sans;font-size: 18px\"><a href=\"https:\/\/agenda.infn.it\/category\/2019\/\" target=\"_blank\" rel=\"noopener nofollow external noreferrer\" data-wpel-link=\"external\" title=\"Open page in new tab Visualizzazione annuale delle prenotazioni 2025\"><strong>Visualizzazione annuale delle prenotazioni 2025<\/strong><\/a><\/span><\/p>\n<p><span style=\"font-family: Open Sans;font-size: 18px\"><strong><a href=\"https:\/\/www.bo.infn.it\/amministrazione\/prenotazioneauto\/prenotazioneauto.php\" target=\"_blank\" rel=\"noreferrer noopener nofollow external\" data-wpel-link=\"external\" title=\"Open page in new tab Richiesta prenotazione Automezzo\">Richiesta prenotazione Automezzo<\/a><\/strong><\/span><\/p>\n\n\n\n<p><\/p>\n","protected":false},"excerpt":{"rendered":"<p>Auto INFN Sezione di Bologna Norme di utilizzo Gli automezzi possono essere guidati esclusivamente dal personale dipendente I.N.F.N. e dal personale Associato con incarico di ricerca o collaborazione tecnica (NO borsisti). Gli automezzi vanno riconsegnati, scarichi, con i sedili installati e con l&#8217;interno pulito. Ogni automezzo ha un libro di marcia da compilare e firmare [&hellip;]<\/p>\n","protected":false},"author":5,"featured_media":0,"parent":0,"menu_order":0,"comment_status":"closed","ping_status":"closed","template":"template-page-builder-no-sidebar.php","meta":{"_lmt_disableupdate":"no","_lmt_disable":"","footnotes":""},"class_list":["post-28714","page","type-page","status-publish","hentry"],"_links":{"self":[{"href":"\/amministrazione\/wp-json\/wp\/v2\/pages\/28714","targetHints":{"allow":["GET"]}}],"collection":[{"href":"\/amministrazione\/wp-json\/wp\/v2\/pages"}],"about":[{"href":"\/amministrazione\/wp-json\/wp\/v2\/types\/page"}],"author":[{"embeddable":true,"href":"\/amministrazione\/wp-json\/wp\/v2\/users\/5"}],"replies":[{"embeddable":true,"href":"\/amministrazione\/wp-json\/wp\/v2\/comments?post=28714"}],"version-history":[{"count":40,"href":"\/amministrazione\/wp-json\/wp\/v2\/pages\/28714\/revisions"}],"predecessor-version":[{"id":43619,"href":"\/amministrazione\/wp-json\/wp\/v2\/pages\/28714\/revisions\/43619"}],"wp:attachment":[{"href":"\/amministrazione\/wp-json\/wp\/v2\/media?parent=28714"}],"curies":[{"name":"wp","href":"https:\/\/api.w.org\/{rel}","templated":true}]}}