{"id":28735,"date":"2020-04-05T18:50:51","date_gmt":"2020-04-05T16:50:51","guid":{"rendered":"\/divulgazione\/?page_id=28735"},"modified":"2024-10-24T13:43:28","modified_gmt":"2024-10-24T11:43:28","slug":"home-it","status":"publish","type":"page","link":"\/divulgazione\/","title":{"rendered":"Divulgazione e Terza Missione"},"content":{"rendered":"\n<h1 style=\"text-align: center\">Divulgazione e Terza Missione<\/h1>\n\n\n\n<p style=\"text-align: left;\">L&#8217;Istituto Nazionale di Fisica Nucleare, <img loading=\"lazy\" decoding=\"async\" class=\"size-medium wp-image-36750 alignright\" src=\"\/divulgazione\/wp-content\/uploads\/sites\/23\/2020\/05\/MasterClass2019-300x170.jpg\" alt=\"\" width=\"300\" height=\"170\" srcset=\"\/divulgazione\/wp-content\/uploads\/sites\/23\/2020\/05\/MasterClass2019-300x170.jpg 300w, \/divulgazione\/wp-content\/uploads\/sites\/23\/2020\/05\/MasterClass2019.jpg 512w\" sizes=\"auto, (max-width: 300px) 100vw, 300px\" \/>oltre che nella ricerca, \u00e8 impegnato anche in attivit\u00e0 di divulgazione e di disseminazione e trasferimento della conoscenza scientifica nella societ\u00e0, attivit\u00e0 che viene genericamente chiamata &#8220;Terza Missione&#8221;. Dettagli su tutti i progetti di terza missione in cui l&#8217;INFN \u00e8 impegnato a livello nazionale si trovano al <a href=\"https:\/\/cc3m.infn.it\/\" target=\"_blank\" rel=\"noopener noreferrer nofollow external\" data-wpel-link=\"external\" title=\"Open page in new tab seguente link.\">seguente link.<\/a><\/p>\n<p style=\"text-align: left;\">In questa pagina sono descritte le attivit\u00e0 che vedono coinvolta direttamente anche la Sezione di Bologna, in collaborazione con il Dipartimento di Fisica e Astronomia (DIFA) di UNIBO.<\/p>\n<p style=\"text-align: left;\"><img loading=\"lazy\" decoding=\"async\" class=\"size-medium wp-image-36751 alignleft\" src=\"\/divulgazione\/wp-content\/uploads\/sites\/23\/2020\/05\/5P2A2594-300x200.jpg\" alt=\"\" width=\"300\" height=\"200\" srcset=\"\/divulgazione\/wp-content\/uploads\/sites\/23\/2020\/05\/5P2A2594-300x200.jpg 300w, \/divulgazione\/wp-content\/uploads\/sites\/23\/2020\/05\/5P2A2594-1024x683.jpg 1024w, \/divulgazione\/wp-content\/uploads\/sites\/23\/2020\/05\/5P2A2594-768x512.jpg 768w, \/divulgazione\/wp-content\/uploads\/sites\/23\/2020\/05\/5P2A2594-1536x1024.jpg 1536w, \/divulgazione\/wp-content\/uploads\/sites\/23\/2020\/05\/5P2A2594.jpg 1629w\" sizes=\"auto, (max-width: 300px) 100vw, 300px\" \/>Le attivit\u00e0 di terza missione rivolte agli studenti delle scuole secondarie di secondo grado sono le <a href=\"https:\/\/www.bo.infn.it\/MasterClass\/\" target=\"_blank\" rel=\"noopener noreferrer nofollow external\" data-wpel-link=\"external\" title=\"Open page in new tab International Masterclasses\">International Masterclasses<\/a> e il <a href=\"https:\/\/www.bo.infn.it\/SezioneNews\/Premio_Asimov\/2019\/\" target=\"_blank\" rel=\"noopener noreferrer nofollow external\" data-wpel-link=\"external\" title=\"Open page in new tab Premio Asimov\">Premio Asimov<\/a>, attivit\u00e0 che negli ultimi anni hanno coinvolto un numero di studenti sempre maggiore.<\/p>\n<p style=\"text-align: left;\">Il progetto <a href=\"https:\/\/www.bo.infn.it\/divulgazione\/aggiornamenti\/\" target=\"_blank\" rel=\"noopener noreferrer nofollow external\" data-wpel-link=\"external\" title=\"Open page in new tab AggiornaMenti\">AggiornaMenti<\/a> \u00e8 invece un corso diretto agli insegnanti, basato su attivit\u00e0 pratiche e laboratoriali, per l&#8217;insegnamento della scienza nella scuola secondaria di primo grado. Dall&#8217;edizione del 2020, il corso \u00e8 realizzato in collaborazione con la Fondazione Golinelli di Bologna<\/p>\n<p style=\"text-align: left;\"><a href=\"https:\/\/pintofscience.it\/events\/bologna\" target=\"_blank\" rel=\"noopener noreferrer nofollow external\" data-wpel-link=\"external\" title=\"Open page in new tab Pint of Science\">Pint of Science<\/a> \u00e8 invece un format <img loading=\"lazy\" decoding=\"async\" class=\"size-medium wp-image-36754 alignright\" src=\"\/divulgazione\/wp-content\/uploads\/sites\/23\/2020\/05\/5P2A2796-300x200.jpeg\" alt=\"\" width=\"300\" height=\"200\" srcset=\"\/divulgazione\/wp-content\/uploads\/sites\/23\/2020\/05\/5P2A2796-300x200.jpeg 300w, \/divulgazione\/wp-content\/uploads\/sites\/23\/2020\/05\/5P2A2796-1024x683.jpeg 1024w, \/divulgazione\/wp-content\/uploads\/sites\/23\/2020\/05\/5P2A2796-768x512.jpeg 768w, \/divulgazione\/wp-content\/uploads\/sites\/23\/2020\/05\/5P2A2796-1536x1024.jpeg 1536w, \/divulgazione\/wp-content\/uploads\/sites\/23\/2020\/05\/5P2A2796.jpeg 1629w\" sizes=\"auto, (max-width: 300px) 100vw, 300px\" \/>internazionale che si svolge tutti gli anni su tre giorni, gli stessi ovunque in Europa, in cui giovani ricercatori raccontano in modo divulgativo le loro ricerche, e rispondono alle domande del pubblico nell&#8217;ambiente informale del pub.<\/p>\n<p style=\"text-align: left;\"><a href=\"https:\/\/wpress.ca.infn.it\/?page_id=2503\" target=\"_blank\" rel=\"noopener noreferrer nofollow external\" data-wpel-link=\"external\" title=\"Open page in new tab DARK\">DARK<\/a> \u00e8 un progetto di divulgazione scientifica sulla materia oscura, \u201cdark matter\u201d in inglese. In particolare, nello specifico della Sezione di Bologna, si tengono <a href=\"https:\/\/web.infn.it\/darkside-bologna\/index.php\/it\/attivita#h227sk9ttp5lo1tr9t4v1jrw55b1fu22lu\" data-wpel-link=\"external\" target=\"_blank\" rel=\"nofollow external noopener noreferrer\" title=\"Open page in new tab Masterclass per studenti\">Masterclass per studenti<\/a>, specifiche per l&#8217;esperimento Darkside.<\/p>\n<p style=\"text-align: left;\">La Sezione di Bologna offre anche la possibilit\u00e0 agli studenti della scuola secondaria di secondo grado di partecipare ad attivit\u00e0 per il <a href=\"\/divulgazione\/pcto\/\" data-wpel-link=\"internal\" target=\"_self\" rel=\"nofollow noopener noreferrer\" title=\"Open page progetto PCTO\">progetto PCTO<\/a> (Percorso per le Competenze Trasversali e per l&#8217;Orientamento, ex Alternanza Scuola-Lavoro).<\/p>\n<p style=\"text-align: left;\">La Sezione di Bologna \u00e8 anche coinvolta nell&#8217;organizzazione e nelle attivit\u00e0 della <a href=\"https:\/\/www.nottedeiricercatori-society.eu\/\" data-wpel-link=\"external\" target=\"_blank\" rel=\"nofollow external noopener noreferrer\" title=\"Open page in new tab Notte Europea dei Ricercatori.\">Notte Europea dei Ricercatori.<\/a><\/p>\n<p style=\"text-align: left;\">La Sezione di Bologna dell&#8217;INFN, in collaborazione con il DIFA, ospita e organizza inoltre <a href=\"http:\/\/server11.infn.it\/video\/multimedia\/archivio-registrazioni.html\" target=\"_blank\" rel=\"noopener noreferrer nofollow external\" data-wpel-link=\"external\" title=\"Open page in new tab eventi di divulgazione di vario tipo\">eventi di divulgazione di vario tipo<\/a>, per i dipendenti, per gli studenti e per il pubblico.<\/p>\n\n\n\n<div class=\"su-box su-box-style-default\" id=\"\" style=\"border-color:#000000;border-radius:3px;max-width:none\"><div class=\"su-box-title\" style=\"background-color:#333333;color:#FFFFFF;border-top-left-radius:1px;border-top-right-radius:1px\">Coordinatore attivit\u00e0<\/div><div class=\"su-box-content su-u-clearfix su-u-trim\" style=\"border-bottom-left-radius:1px;border-bottom-right-radius:1px\"> <\/p>\n\n\n<p style=\"color: #007bb3;font-family: Open Sans\"><span class=\"collapseomatic noarrow\" id=\"Stefano_Marcellini\"  tabindex=\"0\" alt=\"Informazioni su Stefano Marcellini\" title=\"Informazioni su Stefano Marcellini\"    ><strong>+ Stefano Marcellini<\/strong><\/span><span id='swap-Stefano_Marcellini'  class='colomat-swap' style='display:none;'><strong>Stefano Marcellini<\/strong><\/span><div id=\"target-Stefano_Marcellini\" class=\"collapseomatic_content \">\nE-Mail: <a href=\"mailto:stefano.marcellini_NOSPAM@bo.infn.it\">stefano.marcellini@bo.infn.it<\/a><br \/>\nTel: +39-051-2095238<\/p>\n<p>Sede: Berti Pichat<\/div>\n\n\n\n<p> <\/div><\/div>\n","protected":false},"excerpt":{"rendered":"<p>Divulgazione e Terza Missione L&#8217;Istituto Nazionale di Fisica Nucleare, oltre che nella ricerca, \u00e8 impegnato anche in attivit\u00e0 di divulgazione e di disseminazione e trasferimento della conoscenza scientifica nella societ\u00e0, attivit\u00e0 che viene genericamente chiamata &#8220;Terza Missione&#8221;. Dettagli su tutti i progetti di terza missione in cui l&#8217;INFN \u00e8 impegnato a livello nazionale si trovano [&hellip;]<\/p>\n","protected":false},"author":5,"featured_media":0,"parent":0,"menu_order":0,"comment_status":"closed","ping_status":"closed","template":"template-page-builder-no-sidebar.php","meta":{"_lmt_disableupdate":"no","_lmt_disable":"","footnotes":""},"class_list":["post-28735","page","type-page","status-publish","hentry"],"_links":{"self":[{"href":"\/divulgazione\/wp-json\/wp\/v2\/pages\/28735","targetHints":{"allow":["GET"]}}],"collection":[{"href":"\/divulgazione\/wp-json\/wp\/v2\/pages"}],"about":[{"href":"\/divulgazione\/wp-json\/wp\/v2\/types\/page"}],"author":[{"embeddable":true,"href":"\/divulgazione\/wp-json\/wp\/v2\/users\/5"}],"replies":[{"embeddable":true,"href":"\/divulgazione\/wp-json\/wp\/v2\/comments?post=28735"}],"version-history":[{"count":66,"href":"\/divulgazione\/wp-json\/wp\/v2\/pages\/28735\/revisions"}],"predecessor-version":[{"id":37668,"href":"\/divulgazione\/wp-json\/wp\/v2\/pages\/28735\/revisions\/37668"}],"wp:attachment":[{"href":"\/divulgazione\/wp-json\/wp\/v2\/media?parent=28735"}],"curies":[{"name":"wp","href":"https:\/\/api.w.org\/{rel}","templated":true}]}}