{"id":37494,"date":"2022-03-18T18:44:14","date_gmt":"2022-03-18T17:44:14","guid":{"rendered":"\/divulgazione\/?page_id=37494"},"modified":"2022-04-22T12:52:03","modified_gmt":"2022-04-22T10:52:03","slug":"pcto2022","status":"publish","type":"page","link":"\/divulgazione\/pcto2022\/","title":{"rendered":"PCTO2022"},"content":{"rendered":"\n<p><img loading=\"lazy\" decoding=\"async\" class=\"wp-image-37496 size-large\" src=\"\/divulgazione\/wp-content\/uploads\/sites\/23\/2022\/03\/Logo-PCTO-2020-INFN-.001-1024x576.jpeg\" alt=\"Logo PCTO 2020 INFN\" width=\"1024\" height=\"576\" srcset=\"\/divulgazione\/wp-content\/uploads\/sites\/23\/2022\/03\/Logo-PCTO-2020-INFN-.001-1024x576.jpeg 1024w, \/divulgazione\/wp-content\/uploads\/sites\/23\/2022\/03\/Logo-PCTO-2020-INFN-.001-300x169.jpeg 300w, \/divulgazione\/wp-content\/uploads\/sites\/23\/2022\/03\/Logo-PCTO-2020-INFN-.001-768x432.jpeg 768w, \/divulgazione\/wp-content\/uploads\/sites\/23\/2022\/03\/Logo-PCTO-2020-INFN-.001-1536x864.jpeg 1536w, \/divulgazione\/wp-content\/uploads\/sites\/23\/2022\/03\/Logo-PCTO-2020-INFN-.001.jpeg 1920w\" sizes=\"auto, (max-width: 1024px) 100vw, 1024px\" \/><\/p>\n\n\n\n<h3 style=\"text-align: center;\">Attivit\u00e0 proposte<\/h3>\n<p style=\"color: #002a48; font-family: Open Sans; background-color: white;\"><strong><span class=\"collapseomatic noarrow\" id=\"Aggiornamenti\"  tabindex=\"0\" alt=\"Apri Aggiornamenti\" title=\"Apri Aggiornamenti\"    >+ Aggiornamenti<\/span><span id='swap-Aggiornamenti'  class='colomat-swap' style='display:none;'>- Aggiornamenti<\/span><div id=\"target-Aggiornamenti\" class=\"collapseomatic_content \"><\/strong><\/p>\n<p style=\"text-align: justify;\"><img loading=\"lazy\" decoding=\"async\" class=\"alignnone  wp-image-37025\" src=\"\/divulgazione\/wp-content\/uploads\/sites\/23\/2020\/06\/aggiornamenti-metaslider-300x60.jpg\" alt=\"\" width=\"390\" height=\"78\" srcset=\"\/divulgazione\/wp-content\/uploads\/sites\/23\/2020\/06\/aggiornamenti-metaslider-300x60.jpg 300w, \/divulgazione\/wp-content\/uploads\/sites\/23\/2020\/06\/aggiornamenti-metaslider-1024x206.jpg 1024w, \/divulgazione\/wp-content\/uploads\/sites\/23\/2020\/06\/aggiornamenti-metaslider-768x155.jpg 768w, \/divulgazione\/wp-content\/uploads\/sites\/23\/2020\/06\/aggiornamenti-metaslider.jpg 1240w\" sizes=\"auto, (max-width: 390px) 100vw, 390px\" \/><br \/><strong>Descrizione:<\/strong> L\u2019attivit\u00e0 si inserisce nell\u2019ambito del progetto dell\u2019INFN denominato \u201c<a href=\"\/divulgazione\/aggiornamenti\/\" data-wpel-link=\"internal\" target=\"_self\" rel=\"nofollow noopener noreferrer\" title=\"Open page AggiornaMenti\">AggiornaMenti<\/a>\u201d, un laboratorio di didattica della scienza per insegnanti della Scuola Secondaria di Primo Grado. Il progetto AggiornaMenti promuove un insegnamento della scienza attraverso esperimenti realizzabili con materiale di comunissima reperibilit\u00e0 e basso costo, in modo da essere facilmente riproducibili in classe. \u00a0L\u2019attivit\u00e0 proposta per PCTO prevede, da parte di un gruppo di alcuni studenti, la realizzazione di brevi videoclip, della durata di qualche minuto al massimo, durante i quali alcuni di questi esperimenti vengono da essi stessi spiegati e effettuati. Una riflessione e discussione sar\u00e0 sull\u2019esperimento e il principio fisico sar\u00e0 fatta insieme agli esperti. Un esperto di video seguir\u00e0 gli studenti per ci\u00f2 che concerne gli aspetti tecnici, di regia e di montaggio. I video verranno poi inclusi nel sito del corso per insegnanti, e anche in un canale YouTube dedicato.<br \/><strong>Requisiti particolari:<\/strong>\u00a0nessuno<br \/><strong>Cosa imparer\u00e0:\u00a0<\/strong>tecniche video e di regia, conoscenza di alcuni processi fisici fondamentali, a volte anche complessi, che descrivono e spiegano fenomeni di comune osservazione, capacit\u00e0 di esporre concetti in modo sintetico e efficace, divertendosi.<br \/><strong>Numero di ore:\u00a0<\/strong>40<br \/><strong>Numero massimo di studenti:\u00a0<\/strong>8<strong>\u2013<\/strong>12<br \/><strong>Proposta di date:<\/strong>\u00a0 6-10 Giugno (h: 9-&gt;16)<\/p>\n<\/div>\n<p style=\"color: #002a48; font-family: Open Sans; background-color: white;\"><strong><span class=\"collapseomatic noarrow\" id=\"Quasi_come_essere_al_CERN\"  tabindex=\"0\" alt=\"Apri Quasi come essere al CERN\" title=\"Apri Quasi come essere al CERN\"    >+ Quasi come essere al CERN<\/span><span id='swap-Quasi_come_essere_al_CERN'  class='colomat-swap' style='display:none;'>- Quasi come essere al CERN<\/span><div id=\"target-Quasi_come_essere_al_CERN\" class=\"collapseomatic_content \"><\/strong><\/p>\n<p style=\"text-align: justify;\"><img loading=\"lazy\" decoding=\"async\" class=\"alignnone size-full wp-image-37254\" src=\"\/divulgazione\/wp-content\/uploads\/sites\/23\/2021\/03\/Quasi-Cern.jpeg\" alt=\"\" width=\"300\" height=\"169\" \/><br \/><strong>Descrizione:<\/strong> Durante l\u2019attivit\u00e0 si analizzeranno i dati raccolti presso i laboratori internazionali del CERN di Ginevra dall\u2019esperimento LHCb, uno dei quattro esperimenti maggiori che operano presso l\u2019acceleratore LHC del CERN. L\u2019esperimento LHCb si occupa principalmente di indagare l\u2019asimmetria tra materia ed antimateria attualmente presente nell\u2019universo, che ha avuto origine pochi istanti dopo il Big Bang.<br \/>Gli studenti seguiranno un ciclo di lezioni introduttive nelle quali si presenteranno la missione dell\u2019ente (INFN) e lo scopo dell\u2019esperimento LHCb. Si proporr\u00e0 inoltre una breve introduzione alla fisica delle particelle e alla statistica. In seguito si proceder\u00e0 all\u2019analisi dei dati raccolti dal rivelatore LHCb per ripetere, passo per passo, il lavoro che i fisici svolgono quotidianamente nel processo di pubblicazione di articoli scientifici. L\u2019attivit\u00e0 si svolger\u00e0 esclusivamente online.<br \/><strong>Requisiti:<\/strong> Conoscenze matematiche di base, PC con connessione ad internet.<br \/><strong>Cosa imparer\u00e0:<\/strong> Dopo un&#8217;introduzione allo stato attuale della ricerca nel campo della fisica delle alte energie, lo studente imparer\u00e0 a gestire problemi complessi nel contesto dell&#8217;analisi dei dati di un grande esperimento scientifico. Durante il processo, lo studente apprender\u00e0 i rudimenti di un linguaggio di programmazione (Python) largamente usato in ambito scientifico e industriale.<br \/><strong>Numero di ore:<\/strong>\u00a040 ore<br \/><strong>Numero di studenti in contemporanea:<\/strong> ~12<br \/><strong>Proposta di date:<\/strong>\u00a06-10 Giugno (h: 9-&gt;16)<br \/><strong>Referenti: <\/strong>Fabio Ferrari, Lorenzo Capriotti<\/p>\n<\/div>\n<p style=\"color: #002a48; font-family: Open Sans; background-color: white;\"><strong><span class=\"collapseomatic noarrow\" id=\"Premio_Asimov\"  tabindex=\"0\" alt=\"Apri Premio Asimov\" title=\"Apri Premio Asimov\"    >+ Premio Asimov<\/span><span id='swap-Premio_Asimov'  class='colomat-swap' style='display:none;'>- Premio Asimov<\/span><div id=\"target-Premio_Asimov\" class=\"collapseomatic_content \"><\/strong><\/p>\n<p><a href=\"\/divulgazione\/asimov\/\" data-wpel-link=\"internal\" target=\"_self\" rel=\"nofollow noopener noreferrer\" title=\"Open page Visita la pagina dedicata\">Visita la pagina dedicata<\/a><\/p>\n<\/div>\n<p style=\"color: #002a48; font-family: Open Sans; background-color: white;\"><strong><span class=\"collapseomatic noarrow\" id=\"Amministrare_la_Sezione\"  tabindex=\"0\" alt=\"Apri Amministrare la Sezione\" title=\"Apri Amministrare la Sezione\"    >+ Amministrare la Sezione<\/span><span id='swap-Amministrare_la_Sezione'  class='colomat-swap' style='display:none;'>- Amministrare la Sezione<\/span><div id=\"target-Amministrare_la_Sezione\" class=\"collapseomatic_content \"><\/strong><\/p>\n<p style=\"text-align: justify;\"><b class=\"\">Descrizione:\u00a0<\/b><span class=\"\">L&#8217;attivit\u00e0 si inserisce nell&#8217;ordinaria attivit\u00e0 amministrativa ovvero la cura dei tanti aspetti amministrativo contabili a supporto dell&#8217;attivit\u00e0 scientifica svolta all&#8217;interno dell&#8217;INFN dal\u00a0 personale dipendente ed associato. L&#8217;attivit\u00e0, in generale, prevede le fasi di approvvigionamento beni e servizi, gestione delle fatture elettroniche da fornitori e dell&#8217;IVA in regime di split payment propria delle PA, emissione di mandati di pagamento e di note di carico beni inventariali. Inoltre gestione con liquidazione e pagamento delle missioni effettuate dal personale per scopi scientifici in Italia e all&#8217;estero e gestione di fondi esterni di provenienza UE e nazionale, in ottemperanza delle norme di rendicontazione. L&#8217;attivit\u00e0 proposta dal PCTO prevede, da parte di uno studente, l&#8217;affiancamento da parte di un collaboratore di amministrazione al fine di far comprendere le varie fasi di gestione con lo scopo di acquisire autonomia anche solo in un aspetto.<br class=\"\" \/><\/span><b class=\"\">Requisiti particolari: <\/b><span class=\"\">nessuno<\/span><b class=\"\"><br class=\"\" \/>Cosa imparer\u00e0: <\/b><span class=\"\">nozioni e principi di contabilit\u00e0 pubblica degli enti di ricerca<\/span><b class=\"\"><br class=\"\" \/>Numero di ore:<\/b><span class=\"\"> 40<\/span><b class=\"\"><br class=\"\" \/>Numero massimo di studenti: <\/b><span class=\"\">1<\/span><b class=\"\"><br class=\"\" \/>Proposta di date:\u00a0 <\/b><span class=\"\">23\/5-4\/6 (h: 9-&gt;12)<\/span><\/p>\n<\/div>\n<p style=\"color: #002a48; font-family: Open Sans; background-color: white;\"><strong><span class=\"collapseomatic noarrow\" id=\"Esperimenti_in_miniatura\"  tabindex=\"0\" alt=\"Apri Esperimenti in miniatura\" title=\"Apri Esperimenti in miniatura\"    >+ Esperimenti in miniatura<\/span><span id='swap-Esperimenti_in_miniatura'  class='colomat-swap' style='display:none;'>- Esperimenti in miniatura<\/span><div id=\"target-Esperimenti_in_miniatura\" class=\"collapseomatic_content \"><\/strong><\/p>\n<p style=\"text-align: justify;\"><b class=\"\">Descrizione:\u00a0<\/b>Esperimenti in miniatura: riproduzione di modelli di esperimenti di fisica delle particelle con la stampante 3D partendo dai progetti reali. Data da definirsi. Volto a studenti di istituti tecnici.<\/p>\n<p style=\"text-align: justify;\"><b class=\"\">Requisiti particolari: <\/b><span class=\"\">esperienza su CAD 3D<\/span><b class=\"\"><br class=\"\" \/>Cosa imparer\u00e0: <\/b><b class=\"\"><br class=\"\" \/>Numero di ore:<\/b><span class=\"\"> 40<\/span><b class=\"\"><br class=\"\" \/>Numero massimo di studenti: <\/b><span class=\"\">1<\/span><b class=\"\"><br class=\"\" \/>Proposta di date:\u00a0<\/b><\/p>\n<\/div>\n<p style=\"color: #002a48; font-family: Open Sans; background-color: white;\"><strong><span class=\"collapseomatic noarrow\" id=\"Particelle_nella_Nebbia\"  tabindex=\"0\" alt=\"Apri Particelle nella Nebbia\" title=\"Apri Particelle nella Nebbia\"    >+ Particelle nella Nebbia<\/span><span id='swap-Particelle_nella_Nebbia'  class='colomat-swap' style='display:none;'>- Particelle nella Nebbia<\/span><div id=\"target-Particelle_nella_Nebbia\" class=\"collapseomatic_content \"><\/strong><\/p>\n<p style=\"text-align: justify;\"><b class=\"\">Descrizione:\u00a0<\/b>Particelle nella Nebbia: costruzione da parte degli studenti di un camera a nebbia. Referente e date da definire.<\/p>\n<p style=\"text-align: justify;\"><b class=\"\">Requisiti particolari: <\/b><span class=\"\">nessuno<\/span><b class=\"\"><br class=\"\" \/>Cosa imparer\u00e0: <\/b><b class=\"\"><br class=\"\" \/>Numero di ore:<\/b><span class=\"\"> 40<\/span><b class=\"\"><br class=\"\" \/>Numero massimo di studenti: <\/b><b class=\"\"><br class=\"\" \/>Proposta di date:\u00a0<\/b><\/p>\n<\/div>\n\n\n\n<hr \/>\n<p><a href=\"\/divulgazione\/pcto\/\" data-wpel-link=\"internal\" target=\"_self\" rel=\"nofollow noopener noreferrer\" title=\"Open page Torna alla Pagina Principale del PCTO\">Torna alla Pagina Principale del PCTO<\/a><\/p>\n\n\n\n<div class=\"su-box su-box-style-default\" id=\"\" style=\"border-color:#000000;border-radius:3px;max-width:none\"><div class=\"su-box-title\" style=\"background-color:#333333;color:#FFFFFF;border-top-left-radius:1px;border-top-right-radius:1px\">Coordinatori locali<\/div><div class=\"su-box-content su-u-clearfix su-u-trim\" style=\"border-bottom-left-radius:1px;border-bottom-right-radius:1px\">\n<p style=\"color: #007bb3; font-family: Open Sans;\"><span class=\"collapseomatic noarrow\" id=\"Matteo_Franchini\"  tabindex=\"0\" alt=\"Informazioni su Matteo Franchini\" title=\"Informazioni su Matteo Franchini\"    ><strong>+ Matteo Franchini<\/strong><\/span><span id='swap-Matteo_Franchini'  class='colomat-swap' style='display:none;'><strong>- Matteo Franchini<\/strong><\/span><div id=\"target-Matteo_Franchini\" class=\"collapseomatic_content \"> E-Mail: <a href=\"mailto:matteo.franchini_NOSPAM@bo.infn.it\">matteo.franchini@bo.infn.it<\/a><br>Sede: Irnerio<\/div>\n<p style=\"color: #007bb3; font-family: Open Sans;\"><span class=\"collapseomatic noarrow\" id=\"Roberto_Giacomelli\"  tabindex=\"0\" alt=\"Informazioni su Roberto Giacomelli\" title=\"Informazioni su Roberto Giacomelli\"    ><strong>+ Roberto Giacomelli<\/strong><\/span><span id='swap-Roberto_Giacomelli'  class='colomat-swap' style='display:none;'><strong>- Roberto Giacomelli<\/strong><\/span><div id=\"target-Roberto_Giacomelli\" class=\"collapseomatic_content \"> E-Mail: <a href=\"mailto:roberto.giacomelli_NOSPAM@bo.infn.it\">roberto.giacomelli@bo.infn.it<\/a><br>Tel: +39-051-2095246<br>Sede: Berti Pichat<\/div>\n<\/div><\/div>\n\n\n","protected":false},"excerpt":{"rendered":"<p>Attivit\u00e0 proposte Torna alla Pagina Principale del PCTO<\/p>\n","protected":false},"author":16,"featured_media":37243,"parent":0,"menu_order":0,"comment_status":"closed","ping_status":"closed","template":"template-page-builder-no-sidebar.php","meta":{"_lmt_disableupdate":"no","_lmt_disable":"","footnotes":""},"class_list":["post-37494","page","type-page","status-publish","has-post-thumbnail","hentry"],"_links":{"self":[{"href":"\/divulgazione\/wp-json\/wp\/v2\/pages\/37494","targetHints":{"allow":["GET"]}}],"collection":[{"href":"\/divulgazione\/wp-json\/wp\/v2\/pages"}],"about":[{"href":"\/divulgazione\/wp-json\/wp\/v2\/types\/page"}],"author":[{"embeddable":true,"href":"\/divulgazione\/wp-json\/wp\/v2\/users\/16"}],"replies":[{"embeddable":true,"href":"\/divulgazione\/wp-json\/wp\/v2\/comments?post=37494"}],"version-history":[{"count":15,"href":"\/divulgazione\/wp-json\/wp\/v2\/pages\/37494\/revisions"}],"predecessor-version":[{"id":37558,"href":"\/divulgazione\/wp-json\/wp\/v2\/pages\/37494\/revisions\/37558"}],"wp:featuredmedia":[{"embeddable":true,"href":"\/divulgazione\/wp-json\/wp\/v2\/media\/37243"}],"wp:attachment":[{"href":"\/divulgazione\/wp-json\/wp\/v2\/media?parent=37494"}],"curies":[{"name":"wp","href":"https:\/\/api.w.org\/{rel}","templated":true}]}}