{"id":37191,"date":"2020-05-15T17:01:30","date_gmt":"2020-05-15T15:01:30","guid":{"rendered":"\/gruppo1\/?page_id=37191"},"modified":"2023-01-23T17:39:45","modified_gmt":"2023-01-23T16:39:45","slug":"esperimento-atlas","status":"publish","type":"page","link":"\/gruppo1\/esperimento-atlas\/","title":{"rendered":"Esperimento ATLAS"},"content":{"rendered":"\n<h2 style=\"text-align: center\"><span style=\"font-family: Open Sans;color: #007BB3\">Esperimento ATLAS<\/span><\/h2>\n\n\n\n<figure id=\"attachment_37193\" aria-describedby=\"caption-attachment-37193\" style=\"width: 289px\" class=\"wp-caption alignright\"><img loading=\"lazy\" decoding=\"async\" class=\" wp-image-37193\" src=\"\/gruppo1\/wp-content\/uploads\/sites\/17\/2020\/05\/ATLAS_toroid-300x195.jpg\" alt=\"\" width=\"289\" height=\"188\" srcset=\"\/gruppo1\/wp-content\/uploads\/sites\/17\/2020\/05\/ATLAS_toroid-300x195.jpg 300w, \/gruppo1\/wp-content\/uploads\/sites\/17\/2020\/05\/ATLAS_toroid-1024x667.jpg 1024w, \/gruppo1\/wp-content\/uploads\/sites\/17\/2020\/05\/ATLAS_toroid-768x500.jpg 768w, \/gruppo1\/wp-content\/uploads\/sites\/17\/2020\/05\/ATLAS_toroid-1536x1001.jpg 1536w, \/gruppo1\/wp-content\/uploads\/sites\/17\/2020\/05\/ATLAS_toroid.jpg 1615w\" sizes=\"auto, (max-width: 289px) 100vw, 289px\" \/><figcaption id=\"caption-attachment-37193\" class=\"wp-caption-text\">Il sistema di magneti toroidali non ancora riempito con gli altri sotto-rivelatori.<\/figcaption><\/figure>\n<p><span style=\"font-family: Open Sans\"><strong>Responsabile Locale:<\/strong> <a href=\"mailto:maximiliano.sioli@unibo.it\">Maximiliano Sioli<\/a><\/span><\/p>\n<p><span style=\"font-family: Open Sans\"><strong>Responsabile Nazionale:<\/strong> Stefano Giagu<\/span><\/p>\n<p style=\"text-align: left\"><span style=\"font-family: Open Sans;font-size: 16px\">ATLAS (A Toroidal LHC ApparatuS) \u00e8 uno dei quattro esperimenti al Large Hadron Collider (LHC), del CERN di Ginevra. E&#8217; un esperimento condotto da una collaborazione internazionale e, insieme a <a href=\"\/gruppo1\/test-cms\/\" data-wpel-link=\"internal\" target=\"_self\" rel=\"nofollow noopener noreferrer\" title=\"Open page CMS\">CMS<\/a>, \u00e8 stato progettato per studiare al meglio tutti gli aspetti della fisica delle collisioni protone-protone <\/span><span style=\"font-family: Open Sans;font-size: 16px\">alle pi\u00f9 alte energie oggi disponibili. L&#8217;esperimento vuole sondare la materia fin nei suoi componenti fondamentali, rispondendo a domande circa le particelle elementari di cui \u00e8 costituita, le forze con cui interagiscono tra loro alla ricerca di nuove simmetrie del nostro Universo. Il gruppo di Bologna si pone all&#8217;interno di questa collaborazione impegnandosi in molte attivit\u00e0 sia tecniche che di analisi dati.<\/span><\/p>\n\n\n\n<p style=\"text-align: left\"><strong><span style=\"font-family: Open Sans\"><span style=\"color: #007bb3\"><span class=\"collapseomatic noarrow\" id=\"Le_attivit\u00e0_di_ricerca\"  tabindex=\"0\" alt=\"Le attivit\u00e0 di ricerca\" title=\"Le attivit\u00e0 di ricerca\"    >+ Le attivit\u00e0 di ricerca<\/span><span id='swap-Le_attivit\u00e0_di_ricerca'  class='colomat-swap' style='display:none;'>- Le attivit\u00e0 di ricerca<\/span><div id=\"target-Le_attivit\u00e0_di_ricerca\" class=\"collapseomatic_content \"><\/span><\/span><\/strong><\/p>\n<p style=\"text-align: left\"><span style=\"font-family: Open Sans\">Le attivit\u00e0 di ricerca di ATLAS verificano in modo sempre pi\u00f9 accurato le predizioni del Modello Standard, la teoria che oggi meglio descrive i costituenti fondamentali della materia e le loro interazioni, ovvero le forze fondamentali che governano l\u2019Universo. Questi studi hanno portato a scoperte importanti, come quella del bosone di Higgs nel Luglio del 2012, congiuntamente con la collaborazione CMS. <br><\/span><\/p>\n<figure id=\"attachment_37192\" aria-describedby=\"caption-attachment-37192\" style=\"width: 470px\" class=\"wp-caption aligncenter\"><img loading=\"lazy\" decoding=\"async\" class=\" wp-image-37192\" src=\"\/gruppo1\/wp-content\/uploads\/sites\/17\/2020\/05\/ATLAS_Higgs_evento-300x198.png\" alt=\"\" width=\"470\" height=\"310\" srcset=\"\/gruppo1\/wp-content\/uploads\/sites\/17\/2020\/05\/ATLAS_Higgs_evento-300x198.png 300w, \/gruppo1\/wp-content\/uploads\/sites\/17\/2020\/05\/ATLAS_Higgs_evento-1024x675.png 1024w, \/gruppo1\/wp-content\/uploads\/sites\/17\/2020\/05\/ATLAS_Higgs_evento-768x506.png 768w, \/gruppo1\/wp-content\/uploads\/sites\/17\/2020\/05\/ATLAS_Higgs_evento.png 1440w\" sizes=\"auto, (max-width: 470px) 100vw, 470px\" \/><figcaption id=\"caption-attachment-37192\" class=\"wp-caption-text\"><span style=\"font-family: Open Sans\">Evento di un candidato bosone di Higgs che decade in quattro muoni.<\/span><\/figcaption><\/figure>\n<p style=\"text-align: left\"><span style=\"font-family: Open Sans;font-size: 16px\">Identificare e studiare nel dettaglio la fenomenologia del bosone di Higgs non \u00e8 l\u2019unico scopo dei ricercatori della collaborazione ATLAS. Sono, infatti, impegnati nella ricerca di fenomeni che vanno oltre le predizioni del Modello Standard guidati dalle implicazioni fenomenologiche di nuove teorie (ad es. Supersimmetria, teorie di Grande Unificazione, teorie con dimensioni extra etc) che potrebbero rispondere ad alcuni problemi irrisolti del MS e, quindi, descrivere meglio il nostro Universo.<\/div><\/span><\/p>\n\n\n\n<p><span style=\"color: #007bb3\"><strong><span class=\"collapseomatic noarrow\" id=\"Dove_si_trova_e_come_\u00e8_fatto\"  tabindex=\"0\" alt=\"Dove si trova e come \u00e8 fatto\" title=\"Dove si trova e come \u00e8 fatto\"    >+ Dove si trova e come \u00e8 fatto<\/span><span id='swap-Dove_si_trova_e_come_\u00e8_fatto'  class='colomat-swap' style='display:none;'>- Dove si trova e come \u00e8 fatto<\/span><div id=\"target-Dove_si_trova_e_come_\u00e8_fatto\" class=\"collapseomatic_content \"><\/strong><\/span><\/p>\n<p style=\"text-align: left\"><span style=\"font-family: Open Sans\">L\u2019esperimento ATLAS \u00e8 collocato nel punto 1 dell\u2019acceleratore LHC ad una profondit\u00e0 di circa 100 metri sotto la superficie terrestre. ATLAS ha, similmente all\u2019esperimento CMS, una forma cilindrica di 44 metri di lunghezza e diametro di 25 metri, numeri che lo rendono l\u2019esperimento pi\u00f9 grande di LHC, con una massa di circa 7000 tonnellate.<br>La sua struttura a strati \u00e8 tipica degli esperimenti cosiddetti \u201cmulti-purpose\u201d, costituiti da molteplici sotto-rivelatori, di forma cilindrica, posti in strati concentrici al tubo a vuoto che ne percorre l\u2019asse, in cui viaggiano i pacchetti di protoni (o di ioni pesanti, quali il piombo) che si scontrano nel punto di interazione posto esattamente al centro del rivelatore. Il rivelatore \u00e8 costituito da un \u201ctracciatore\u201d, un magnete solenoidale superconduttore, un calorimetro elettromagnetico, un calorimetro adronico e un sistema di magneti superconduttori toroidali. Al di fuori del sistema di magneti, troviamo l\u2019ultimo strato del rivelatore: uno spettrometro costituito da una serie di rivelatori a gas per il tracciamento e l\u2019identificazione dei muoni.<\/span><\/p>\n\n\n<div class=\"wp-block-image\">\n<figure class=\"aligncenter size-large\"><img loading=\"lazy\" decoding=\"async\" width=\"1024\" height=\"658\" src=\"\/gruppo1\/wp-content\/uploads\/sites\/17\/2020\/05\/0803012_01-1024x658.jpg\" alt=\"\" class=\"wp-image-37195\" srcset=\"\/gruppo1\/wp-content\/uploads\/sites\/17\/2020\/05\/0803012_01-1024x658.jpg 1024w, \/gruppo1\/wp-content\/uploads\/sites\/17\/2020\/05\/0803012_01-300x193.jpg 300w, \/gruppo1\/wp-content\/uploads\/sites\/17\/2020\/05\/0803012_01-768x494.jpg 768w, \/gruppo1\/wp-content\/uploads\/sites\/17\/2020\/05\/0803012_01-1536x987.jpg 1536w, \/gruppo1\/wp-content\/uploads\/sites\/17\/2020\/05\/0803012_01-2048x1317.jpg 2048w\" sizes=\"auto, (max-width: 1024px) 100vw, 1024px\" \/><\/figure>\n<\/div>\n\n\n<p style=\"text-align: left\"><span style=\"font-family: Open Sans\">La struttura \u201ca cipolla\u201d del rivelatore ha come scopo quello di rivelare le pi\u00f9 piccole ma pi\u00f9 energetiche particelle mai create dall\u2019uomo. I sei diversi sotto-rivelatori sono posti concentricamente rispetto al punto di interazione per registrare in tempo reale la traiettoria, l\u2019impulso e l\u2019energie delle particelle, permettendo ai fisici di identificarle e misurarne tutte le caratteristiche interessanti. Il sistema di magneti \u00e8 decisivo a questo scopo, perch\u00e9 permette di curvare le traiettorie delle particelle cariche e, quindi, di identificarne gli impulsi con grande precisione.<\/div><\/span><\/p>\n\n\n\n<div class=\"wp-block-group\"><div class=\"wp-block-group__inner-container is-layout-flow wp-block-group-is-layout-flow\"><\/div><\/div>\n\n\n\n<p style=\"text-align: left\"><span style=\"font-family: Open Sans;color: #007bb3\"><strong><span class=\"collapseomatic noarrow\" id=\"La_collaborazione_e_il_gruppo_di_Bologna\"  tabindex=\"0\" alt=\"La collaborazione e il gruppo di Bologna\" title=\"La collaborazione e il gruppo di Bologna\"    >+ La collaborazione e il gruppo di Bologna<\/span><span id='swap-La_collaborazione_e_il_gruppo_di_Bologna'  class='colomat-swap' style='display:none;'>- La collaborazione e il gruppo di Bologna<\/span><div id=\"target-La_collaborazione_e_il_gruppo_di_Bologna\" class=\"collapseomatic_content \"><\/strong><\/span><span style=\"font-family: Open Sans\">La <a href=\"https:\/\/atlas.cern\/discover\/collaboration\" data-wpel-link=\"external\" target=\"_blank\" rel=\"nofollow external noopener noreferrer\" title=\"Open page in new tab collaborazione ATLAS\">collaborazione ATLAS<\/a> \u00e8 costituita attualmente da circa 3000 fisici, e molti ingegneri, tecnici e amministrativi, da 181 istituti nel mondo. Questa \u00e8 una delle collaborazioni pi\u00f9 grandi mai raggiunte in ambito scientifico, rappresentando 38 paesi da tutti i continenti popolati del mondo.<\/span><\/p>\n<p style=\"text-align: left\"><span style=\"font-family: Open Sans\">Il gruppo di Bologna si inserisce all\u2019interno di questa collaborazione internazionale fin dal 2005, e conta attualmente circa 50 componenti, fra fisici, tecnologi, tecnici e studenti di dottorato. Il gruppo \u00e8 entrato a far parte della collaborazione ATLAS con tre attivit\u00e0: la progettazione e costruzione del rivelatore di luminosit\u00e0 LUCID, la realizzazione e test del sistema di trigger del rivelatore di muoni e test su una parte delle camere di questo rivelatore (RPC), integrando, pi\u00f9 tardi, le attivit\u00e0 con la progettazione elettronica relativa al rivelatore centrale a Pixel e con il mantenimento e lo sviluppo delle camere RPC per la rivelazione dei muoni.<br \/>In vista dell\u2019inizio della prossima presa dati con il Run 3 (2021-2024), il gruppo \u00e8 impegnato nella realizzazione di camere RPC di nuova generazione, progetto pionieristico per l\u2019upgrade del rivelatore per la fase di High Luminosity LHC (dal 2026), nella quale la luminosit\u00e0 istantanea fornita da LHC sar\u00e0 incrementata di circa un fattore tra 3 e 4. Queste nuove condizioni impongono un upgrade sostanziale di tutto l\u2019esperimento. In tale ambito il gruppo di Bologna \u00e8 impegnato nell\u2019upgrade del rivelatore di muoni, nella costruzione di un nuovo rivelatore di luminosit\u00e0, nel test di una frazione importante dei sensori del nuovo tracciatore centrale (ITk) e nelle attivit\u00e0 di Data Acquisition e trigger (TDAQ).<br \/>L\u2019insieme delle attivit\u00e0 tecniche si \u00e8 poi estesa, pi\u00f9 recentemente, anche ad attivit\u00e0 nel campo del computing.<\/span><\/p>\n\n\n<div class=\"wp-block-image\">\n<figure class=\"aligncenter size-large\"><img loading=\"lazy\" decoding=\"async\" width=\"1024\" height=\"769\" src=\"\/gruppo1\/wp-content\/uploads\/sites\/17\/2020\/05\/ATLAS_withoutMuons-1024x769.jpg\" alt=\"\" class=\"wp-image-37194\" srcset=\"\/gruppo1\/wp-content\/uploads\/sites\/17\/2020\/05\/ATLAS_withoutMuons-1024x769.jpg 1024w, \/gruppo1\/wp-content\/uploads\/sites\/17\/2020\/05\/ATLAS_withoutMuons-300x225.jpg 300w, \/gruppo1\/wp-content\/uploads\/sites\/17\/2020\/05\/ATLAS_withoutMuons-768x576.jpg 768w, \/gruppo1\/wp-content\/uploads\/sites\/17\/2020\/05\/ATLAS_withoutMuons.jpg 1495w\" sizes=\"auto, (max-width: 1024px) 100vw, 1024px\" \/><figcaption class=\"wp-element-caption\">Il rivelatore ATLAS in fase di costruzione: qui visibili il sistema di magneti, i calorimetri e il tracciatore interno.<\/figcaption><\/figure>\n<\/div>\n\n\n<p style=\"text-align: left\"><span style=\"font-family: Open Sans\">Il gruppo \u00e8 impegnato in attivit\u00e0 di analisi fisica degli eventi raccolti dall\u2019esperimento ATLAS, in molteplici ambiti in collaborazione con colleghi provenienti da altre istituzioni. Nel settore del Modello Standard, il gruppo \u00e8 impegnato da anni in diverse misure di precisione soprattutto riguardanti il bosone Z. Nel settore del bosone di Higgs, si \u00e8 occupato dello studio delle propriet\u00e0 di questa particelle e, pi\u00f9 nello specifico, dei suoi accoppiamenti con i quark top e con i bosoni vettori, nel canale di decadimento in due quark bottom.<br \/>Il gruppo partecipa, inoltre, da anni ad analisi nella fisica del quark top, avendo un\u2019esperienza ormai decennale nelle misure delle sezioni d\u2019urto inclusive e differenziali della produzione di una coppia di top a diverse energie, ed espandendo, pi\u00f9 recentemente, il proprio impegno anche in misure sulla massa del top.<br \/>Nel settore della fisica oltre il Modello Standard, siamo impegnati in analisi che hanno lo scopo di verificare sia l\u2019esistenza di particelle ipotizzate dai modelli supersimmetrici sia da modelli cosiddetti \u201cesotici\u201d, in cui si cerca di estendere le simmetrie della Natura oltre a quelle su cui \u00e8 costruito il Modello Standard.<\/div><\/span><\/p>\n\n\n\n<p>\u00a0<\/p>\n<p><a href=\"https:\/\/web.infn.it\/atlas_bologna\/\" data-wpel-link=\"external\" target=\"_blank\" rel=\"nofollow external noopener noreferrer\" title=\"Open page in new tab Sito web del gruppo di Bologna\">Sito web del gruppo di Bologna<\/a><img loading=\"lazy\" decoding=\"async\" class=\"wp-image-37131 alignright\" src=\"\/gruppo1\/wp-content\/uploads\/sites\/17\/2020\/05\/LHC-300x204.jpg\" alt=\"\" width=\"291\" height=\"198\" srcset=\"\/gruppo1\/wp-content\/uploads\/sites\/17\/2020\/05\/LHC-300x204.jpg 300w, \/gruppo1\/wp-content\/uploads\/sites\/17\/2020\/05\/LHC-1024x695.jpg 1024w, \/gruppo1\/wp-content\/uploads\/sites\/17\/2020\/05\/LHC-768x521.jpg 768w, \/gruppo1\/wp-content\/uploads\/sites\/17\/2020\/05\/LHC.jpg 1503w\" sizes=\"auto, (max-width: 291px) 100vw, 291px\" \/><br \/><br \/><br \/><a href=\"https:\/\/atlas.cern\/\" data-wpel-link=\"external\" target=\"_blank\" rel=\"nofollow external noopener noreferrer\" title=\"Open page in new tab ATLAS web site\">ATLAS web site<\/a><br \/><br \/><br \/><a href=\"https:\/\/web.infn.it\/atlas\/\" data-wpel-link=\"external\" target=\"_blank\" rel=\"nofollow external noopener noreferrer\" title=\"Open page in new tab Sito web di ATLAS Italia\">Sito web di ATLAS Italia <\/a><\/p>\n\n\n\n<p style=\"font-size:1px\"><\/p>\n","protected":false},"excerpt":{"rendered":"<p>Esperimento ATLAS Responsabile Locale: Maximiliano Sioli Responsabile Nazionale: Stefano Giagu ATLAS (A Toroidal LHC ApparatuS) \u00e8 uno dei quattro esperimenti al Large Hadron Collider (LHC), del CERN di Ginevra. E&#8217; un esperimento condotto da una collaborazione internazionale e, insieme a CMS, \u00e8 stato progettato per studiare al meglio tutti gli aspetti della fisica delle collisioni [&hellip;]<\/p>\n","protected":false},"author":33,"featured_media":0,"parent":0,"menu_order":0,"comment_status":"closed","ping_status":"closed","template":"template-page-builder-no-sidebar.php","meta":{"_lmt_disableupdate":"no","_lmt_disable":"","footnotes":""},"class_list":["post-37191","page","type-page","status-publish","hentry"],"_links":{"self":[{"href":"\/gruppo1\/wp-json\/wp\/v2\/pages\/37191","targetHints":{"allow":["GET"]}}],"collection":[{"href":"\/gruppo1\/wp-json\/wp\/v2\/pages"}],"about":[{"href":"\/gruppo1\/wp-json\/wp\/v2\/types\/page"}],"author":[{"embeddable":true,"href":"\/gruppo1\/wp-json\/wp\/v2\/users\/33"}],"replies":[{"embeddable":true,"href":"\/gruppo1\/wp-json\/wp\/v2\/comments?post=37191"}],"version-history":[{"count":49,"href":"\/gruppo1\/wp-json\/wp\/v2\/pages\/37191\/revisions"}],"predecessor-version":[{"id":38327,"href":"\/gruppo1\/wp-json\/wp\/v2\/pages\/37191\/revisions\/38327"}],"wp:attachment":[{"href":"\/gruppo1\/wp-json\/wp\/v2\/media?parent=37191"}],"curies":[{"name":"wp","href":"https:\/\/api.w.org\/{rel}","templated":true}]}}