{"id":36706,"date":"2020-04-28T11:47:15","date_gmt":"2020-04-28T09:47:15","guid":{"rendered":"\/gruppo2\/?page_id=36706"},"modified":"2022-09-26T12:52:40","modified_gmt":"2022-09-26T10:52:40","slug":"darkside-it","status":"publish","type":"page","link":"\/gruppo2\/darkside-it\/","title":{"rendered":"DARKSIDE"},"content":{"rendered":"\n<h2 class=\"has-text-align-center wp-block-heading\"><strong><span style=\"color:#097cad\" class=\"tadv-color\">DarkSide<\/span><\/strong><\/h2>\n\n\n\n<p><span style=\"font-family: Open Sans\"><strong>Responsabile Progetto:<\/strong> Cristiano Galbiati (GSSI e Princeton University)<strong><br><\/strong><\/span><\/p>\n<p><span style=\"font-family: Open Sans\"><strong>Responsabile Locale<\/strong>: Marco Garbini<\/span><\/p>\n<p><span style=\"font-family: Open Sans\"><strong>Gruppo locale:&nbsp;<\/strong> Francesca Carnesecchi, Luisa Cifarelli, Marco Guerzoni, Anselmo Margotti, Rosario Nania, Carmelo Pellegrino, Luigi Pio Rignanese, <a href=\"\/il-direttore\/\" target=\"_self\" rel=\"noopener noreferrer nofollow\" data-wpel-link=\"internal\" title=\"Open page Eugenio Scapparone\">Eugenio Scapparone<\/a>, Gilda Scioli<br><\/span><\/p>\n<p><span style=\"font-family: Open Sans\"><strong>Servizi INFN coinvolti<\/strong>: <a href=\"\/tgenerale\/\" target=\"_self\" rel=\"noopener noreferrer nofollow\" data-wpel-link=\"internal\" title=\"Open page Servizio Tecnico Generale\">Servizio Tecnico Generale<\/a> (Daniele Cavazza, Antonio Flammini, Cristiano Gessi), <a href=\"\/progettazione\/\" target=\"_self\" rel=\"noopener noreferrer nofollow\" data-wpel-link=\"internal\" title=\"Open page Progettazione Meccanica\">Progettazione Meccanica<\/a> (Marco Guerzoni, Stefano Serra), <a href=\"\/officina\/\" target=\"_self\" rel=\"noopener noreferrer nofollow\" data-wpel-link=\"internal\" title=\"Open page Officina Meccanica\">Officina Meccanica<\/a> (Anselmo Margotti, Michele Furini, Fabio Zuffa), <a href=\"\/elettronica\/\" target=\"_self\" rel=\"noopener noreferrer nofollow\" data-wpel-link=\"internal\" title=\"Open page Servizio di Elettronica\">Servizio di Elettronica<\/a> (Ignazio Lax, Mirco Zuffa)<\/span><\/p>\n\n\n\n<p><strong>Obiettivi Generali: <\/strong>L&#8217;esperimento <a href=\"http:\/\/darkside.lngs.infn.it\/\" target=\"_blank\" rel=\"noopener noreferrer nofollow external\" data-wpel-link=\"external\" title=\"Open page in new tab DarkSide\">DarkSide<\/a> ha come obiettivo la rivelazione della Materia Oscura in maniera diretta. In particolare mira alla rivelazione di particelle tipo WIMP (Weakly Interacting Massive Particle), uno dei candidati pi\u00f9 forti di Materia Oscura, mediante rinculi nucleari in una TPC a doppia fase di Argon. L&#8217;esperimento \u00e8 situato ai <a href=\"https:\/\/www.lngs.infn.it\/it\" target=\"_blank\" rel=\"noopener noreferrer nofollow external\" data-wpel-link=\"external\" title=\"Open page in new tab Laboratori Nazionali del Gran Sasso\">Laboratori Nazionali del Gran Sasso<\/a> ed \u00e8 suddiviso in pi\u00f9 fasi;&nbsp; la fase di upgrade dell&#8217;esperimento, Darkside-20k, mira ad un totale di 20 ton di Argon Liquido (volume fiduciale) ed \u00e8 prevista per il 2023. Uno dei parametri chiave per il successo di Darkside-20k \u00e8 l&#8217;utilizzo di rivelatori SiPM (al posto dei classici fotomoltiplicatori) per la rivelazione della luce all&#8217;interno della TPC.<\/p>\n<p>Al seguente link si pu\u00f2 trovare un video di DarkSide-20k, con maggiori dettagli sugli obiettivi e sulla realizzazione del progetto.<\/p>\n\n\n\n<div class=\"wp-block-buttons is-layout-flex wp-block-buttons-is-layout-flex\">\n<div class=\"wp-block-button\"><a class=\"wp-block-button__link\" href=\"https:\/\/www.youtube.com\/watch?v=WAvmsdWZCP0\" target=\"_blank\" rel=\"noreferrer noopener nofollow external\" data-wpel-link=\"external\" title=\"Open page in new tab DarkSide-20k Video\">DarkSide-20k Video <\/a><\/div>\n<\/div>\n\n\n\n<p>&nbsp;<\/p>\n<p><strong>Attivit\u00e0<\/strong>: Il gruppo di Bologna \u00e8 principalmente coinvolto in Darkside-20k, e nello specifico, nella rivelazione della luce mediante SiPM. Il gruppo \u00e8 impegnato in varie attivit\u00e0, dai test dei rivelatori SiPM, al loro assemblaggio in singole unit\u00e0 (PDM e PDU) , a test delle schede di elettronica, alla progettazione e costruzione di singole componenti. Queste attivit\u00e0 sono svolte soprattutto nei laboratori INFN-Bologna, ma anche presso i laboratori del CERN, LNGS e Universit\u00e0 di Princeton. Molti test prevedono l&#8217;utilizzo di laboratori criogenici (presente in sede) e in camera pulita, realizzata appositamente per il Progetto. Il gruppo di Bologna \u00e8 anche coinvolto nella progettazione ed implementazione del DataBase per la costruzione del rivelatore e in attivit\u00e0 di Outreach, quali la realizzazione e partecipazione alla Masterclass di Darkside.<\/p>\n<p>Maggiori dettagli, sia sul progetto Darkside che sulle attivit\u00e0 locali, possono essere trovati nel sito locale di Darkside al link seguente.<\/p>\n\n\n\n<div class=\"wp-block-buttons is-layout-flex wp-block-buttons-is-layout-flex\">\n<div class=\"wp-block-button\"><a class=\"wp-block-button__link\" href=\"https:\/\/web.infn.it\/darkside-bologna\/index.php\/it\/\" target=\"_blank\" rel=\"noreferrer noopener nofollow external\" data-wpel-link=\"external\" title=\"Open page in new tab DarkSite-Bologna\">DarkSite-Bologna<\/a><\/div>\n<\/div>\n\n\n\n<p><\/p>\n","protected":false},"excerpt":{"rendered":"<p>DarkSide Responsabile Progetto: Cristiano Galbiati (GSSI e Princeton University) Responsabile Locale: Marco Garbini Gruppo locale:&nbsp; Francesca Carnesecchi, Luisa Cifarelli, Marco Guerzoni, Anselmo Margotti, Rosario Nania, Carmelo Pellegrino, Luigi Pio Rignanese, Eugenio Scapparone, Gilda Scioli Servizi INFN coinvolti: Servizio Tecnico Generale (Daniele Cavazza, Antonio Flammini, Cristiano Gessi), Progettazione Meccanica (Marco Guerzoni, Stefano Serra), Officina Meccanica (Anselmo [&hellip;]<\/p>\n","protected":false},"author":44,"featured_media":0,"parent":0,"menu_order":0,"comment_status":"closed","ping_status":"closed","template":"template-page-builder-no-sidebar.php","meta":{"_lmt_disableupdate":"no","_lmt_disable":"","footnotes":""},"class_list":["post-36706","page","type-page","status-publish","hentry"],"_links":{"self":[{"href":"\/gruppo2\/wp-json\/wp\/v2\/pages\/36706","targetHints":{"allow":["GET"]}}],"collection":[{"href":"\/gruppo2\/wp-json\/wp\/v2\/pages"}],"about":[{"href":"\/gruppo2\/wp-json\/wp\/v2\/types\/page"}],"author":[{"embeddable":true,"href":"\/gruppo2\/wp-json\/wp\/v2\/users\/44"}],"replies":[{"embeddable":true,"href":"\/gruppo2\/wp-json\/wp\/v2\/comments?post=36706"}],"version-history":[{"count":71,"href":"\/gruppo2\/wp-json\/wp\/v2\/pages\/36706\/revisions"}],"predecessor-version":[{"id":38674,"href":"\/gruppo2\/wp-json\/wp\/v2\/pages\/36706\/revisions\/38674"}],"wp:attachment":[{"href":"\/gruppo2\/wp-json\/wp\/v2\/media?parent=36706"}],"curies":[{"name":"wp","href":"https:\/\/api.w.org\/{rel}","templated":true}]}}