{"id":37687,"date":"2020-05-23T00:30:52","date_gmt":"2020-05-22T22:30:52","guid":{"rendered":"\/gruppo2\/?page_id=37687"},"modified":"2024-01-31T16:26:30","modified_gmt":"2024-01-31T15:26:30","slug":"opportunita-di-tesi","status":"publish","type":"page","link":"\/gruppo2\/opportunita-di-tesi\/","title":{"rendered":"Opportunit\u00e0 di Tesi"},"content":{"rendered":"\n<h1 class=\"has-text-align-center wp-block-heading\"><span style=\"color:#007BB3\" class=\"tadv-color\">Opportunit\u00e0 di Tesi<\/span><\/h1>\n\n\n\n<p><br><br><br><\/p>\n\n\n\n<span class=\"collapseomatic noarrow\" id=\"Fisica_del_neutrino\"  tabindex=\"0\" alt=\"Informazioni su Fisica del neutrino\" title=\"Informazioni su Fisica del neutrino\"    ><strong>+ Fisica del neutrino<\/strong><\/span><span id='swap-Fisica_del_neutrino'  class='colomat-swap' style='display:none;'><strong>- Fisica del neutrino<\/strong><\/span><div id=\"target-Fisica_del_neutrino\" class=\"collapseomatic_content \">\n<p style=\"text-align: center;\"><span style=\"color: #007bb3; font-family: Open Sans;\"><strong>Fisica del Neutrino<\/strong><\/span><\/p>\n<p>&#8220;Analisi dei modi di vibrazione dei rivelatori criogenici in correlazione con un associato sistema sismometrico per la determinazione della funzione di trasferimento del rumore vibrazionale di origine sismica e\/o antropica ai cristalli bolometrici dell&#8217;esperimento CUORE &#8221; .<\/p>\n<p><em>Parole chiave :<\/em> laurea specialistica, tesi sperimentale, analisi dati, riduzione del rumore di fondo, sismometri<\/p>\n<p><br \/><em>Durata della tesi<\/em> : circa sei mesi.La tesi comportera&#8217;, compatibilmente con la situazione sanitaria, brevi periodi di attivita&#8217; presso i Laboratori Nazionali del Gran Sasso dell&#8217;INFN e si svolgera&#8217; in collaborazione anche di colleghi americani<\/p>\n<hr \/>\n<p>&#8220;Ottimizzazione dei trasduttori di temperatura NTD (neutron trasmuted doped ) per la nuova generazione di esperimenti con rivelatori bolometrici di molibdato di selenio, esperimento CUPID. &#8220;<\/p>\n<p><em>Parole chiave<\/em> : laurea specialistica, tesi sperimentale, ricerca e sviluppo, costruzione apparati, rivelatori al silicio e al germanio.<br \/><em>Durata della tesi<\/em> : circa sei mesi.<\/p>\n<p><br \/>La tesi comportera&#8217;, compatibilmente con la situazione sanitaria, brevi periodi di attivita&#8217; presso i Laboratori Nazionali del Gran Sasso dell&#8217;INFN e si svolgera&#8217; in collaborazione anche di colleghi americani<br \/>L&#8217;attivita\u2019 si svolgera&#8217; in collaborazione con IMM , l\u2019Istituto per la microelettronica e microsistemi del CNR di Bologna<\/p>\n<hr \/>\n<p>Argomenti di tesi (sia di Laurea, triennale e Magistrale, che di Dottorato) sono disponibili nei seguenti ambiti NEAR Detector;<\/p>\n<ul>\n<li class=\"moz-quote-pre\">Design di SAND (\u201c System for on Axis Neutrino Detection\u201d )mediante simulazione Monte Carlo delle performance (particle Id, studio eventi neutrino a corrente carica, analisi del fondo)<\/li>\n<li class=\"moz-quote-pre\">Design rivelatore ad Argon Liquido in SAND<\/li>\n<li class=\"moz-quote-pre\">Sviluppo di sistema di imaging per interazioni di neutrini in argon liquido FAR Detector<\/li>\n<li class=\"moz-quote-pre\">Photon Detection System: caratterizzazione SiPM in ambiente criogenico<\/li>\n<\/ul>\n<\/div>\n\n\n\n<br>\n<span class=\"collapseomatic noarrow\" id=\"Radiazione\"  tabindex=\"0\" alt=\"Informazioni su Radiazione dall&#039;Universo\" title=\"Informazioni su Radiazione dall&#039;Universo\"    ><strong>+ Radiazione dall'Universo<\/strong><\/span><span id='swap-Radiazione'  class='colomat-swap' style='display:none;'><strong>- Radiazione dall'Universo<\/strong><\/span><div id=\"target-Radiazione\" class=\"collapseomatic_content \">\n<p style=\"text-align: center;\"><span style=\"font-family: Open Sans; color: #007bb3;\"><strong>Radiazione dall&#8217;Universo<\/strong><\/span><\/p>\n<p>AMS<\/p>\n<p style=\"text-align: left;\">L\u2019Alpha Magnetic Spectrometer (AMS) \u00e8 un esperimento di fisica di particelle di alta energie nello spazio che misura i raggi cosmici, che sono particelle e nuclei di alta energia provenienti dallo spazio. <br>AMS \u00e8 a bordo della Stazione Spaziale Internazionale (ISS) sin dal 2011 e ha raccolto una grande mole di dati (&gt;160 miliardi di raggi cosmici, ad ottobre 2020 ). I principali obiettivi dell\u2019esperimento sono:<\/p>\n<ol style=\"list-style-type: lower-alpha;\">\n<li style=\"text-align: left;\">&nbsp;lo studio della asimmetria tra materia e antimateria nell\u2019universo;<\/li>\n<li style=\"text-align: left;\">la ricerca indiretta della materia oscura;<\/li>\n<li style=\"text-align: left;\">la comprensione dell\u2019origine, accelerazione e propagazione dei <br>raggi cosmici nella galassia;<\/li>\n<li style=\"text-align: left;\">lo studio dello space weather per la comprensione dell\u2019ambiente di <br>radiazione prossimo alla terra.<\/li>\n<\/ol>\n<p style=\"text-align: left;\">Il gruppo di AMS \u00e8 coinvolto nell&#8217;analisi dei dati di AMS ed \u00e8 anche impegnato nello studio della fenomenogia dei raggi cosmici, cio\u00e8 del complesso delle teorie che servono a descrivere l\u2019origine, l&#8217;accelerazione e la propagazione dei raggi cosmici. <br>Si proporr\u00e0 allo studente l\u2019uso dei dati ufficiali di AMS, concordando l\u2019argomento di lavoro all\u2019interno di una delle linee di ricerca del gruppo.<br>Per i tesisti magistrali o di dottorato, si potr\u00e0 proporre un periodo di formazione presso il centro di controllo di AMS al CERN (Organizzazione Europeo della Ricerca Nucleare) Ginevra, o presso ASI (Agenzia Spaziale Italiana) Roma. <br>Per informazioni sull\u2019esperimento si pu\u00f2 visitare: <a class=\"moz-txt-link-freetext\" href=\"https:\/\/ams02.space\/\" data-wpel-link=\"external\" target=\"_blank\" rel=\"nofollow external noopener noreferrer\" title=\"Open page in new tab https:\/\/ams02.space\/\">https:\/\/ams02.space\/<\/a> <br><br>Contatti: <a class=\"moz-txt-link-abbreviated\" href=\"mailto:andrea.contin@bo.infn.it\">andrea.contin@bo.infn.it<\/a>, <a class=\"moz-txt-link-abbreviated\" href=\"mailto:nicolo.masi@bo.infn.it\">nicolo.masi@bo.infn.it<\/a> e <br>&nbsp;&nbsp;&nbsp;&nbsp;&nbsp;&nbsp;&nbsp;&nbsp;&nbsp; <a class=\"moz-txt-link-abbreviated\" href=\"mailto:alberto.oliva@bo.infn.it\">alberto.oliva@bo.infn.it<\/a><\/p>\n<p>\nANTARES\/KM3NeT\n<p>Il gruppo dei telescopi di neutrini offre la possibilit\u00e0 di tesi triennali, tesi magistrali e tesi di dottorato di ricerca <br>in diversi ambiti:<\/p>\n<ul style=\"list-style-type: square;\">\n<li>analisi dei dati dei telescopi ANTARES e KM3NeT per la ricerca di sorgenti e in coincidenza con onde gravitazionali, Gamma Ray Burst e altri eventi secondo un approccio multimessaggero.<\/li>\n<li>utilizzo di reti neurali e metodologie di Machine Learning per la discriminazione di diversi pattern nella ricostruzione degli eventi misurati nei telescopi ANTARES e KM3NeT.<\/li>\n<li>implementazione del sistema di acquisizione dati di KM3NeT.<\/li>\n<\/ul>\n<p>Tutte queste attivit\u00e0 sono svolte in stretta collaborazione con istituzioni scientifiche e universitarie europee ed extra-europee che prendono parte ai due esperimenti.<\/p>\n<p>\nLIMADOU\n<\/p>\n<\/div>\n\n\n\n<p><br \/><span class=\"collapseomatic noarrow\" id=\"Universo_Oscuro\"  tabindex=\"0\" alt=\"Informazioni su Universo Oscuro\" title=\"Informazioni su Universo Oscuro\"    ><strong>+ Universo Oscuro<\/strong><\/span><span id='swap-Universo_Oscuro'  class='colomat-swap' style='display:none;'><strong>- Universo Oscuro<\/strong><\/span><div id=\"target-Universo_Oscuro\" class=\"collapseomatic_content \">\n<p style=\"text-align: center;\"><span style=\"font-family: Open Sans; color: #007bb3;\"><strong>Universo Oscuro<\/strong><\/span><\/p>\n<p>DARKSIDE<\/p>\n<div class=\"\"><span style=\"font-family: Open Sans;\">Il gruppo <a href=\"\/gruppo2\/darkside-it\/\" target=\"_self\" rel=\"noopener noreferrer nofollow\" data-wpel-link=\"internal\" title=\"Open page DarkSide Bologna\">DarkSide Bologna <\/a>offre la possibilit\u00e0 di svolgere tesi triennali e magistrali legate allo sviluppo, costruzione e test del sistema di trasporto del segnale dai fotorivelatori (SiPM) all\u2019elettronica di read-out, nonch\u00e9 all\u2019assemblaggio e caratterizzazione dei fotorivelatori che saranno utilizzati nell\u2019esperimento. Le attivit\u00e0 prevedono test criogenici e in camera pulita presso la Sezione e partecipazione a test presso i Laboratori Nazionali del Gran Sasso e\/o al CERN.<\/span><\/div>\n<p>EUCLID<\/p>\n<p>Gli argomenti elencati possono essere sviluppati a livelli diversi, sia come tesi di Laurea che di Dottorato.<\/p>\n<ul>\n<li>Analisi dei dati spettroscopici dello strumento NISP di Euclid: dai dati raw allo studio dei parametri cosmologici<\/li>\n<li>I vincoli sulle propriet\u00e0 dei neutrini con Euclid<\/li>\n<\/ul>\n<p>XENON<\/p>\n<\/div>\n","protected":false},"excerpt":{"rendered":"<p>Opportunit\u00e0 di Tesi<\/p>\n","protected":false},"author":35,"featured_media":0,"parent":0,"menu_order":0,"comment_status":"closed","ping_status":"closed","template":"template-page-builder-no-sidebar.php","meta":{"_lmt_disableupdate":"no","_lmt_disable":"","footnotes":""},"class_list":["post-37687","page","type-page","status-publish","hentry"],"_links":{"self":[{"href":"\/gruppo2\/wp-json\/wp\/v2\/pages\/37687","targetHints":{"allow":["GET"]}}],"collection":[{"href":"\/gruppo2\/wp-json\/wp\/v2\/pages"}],"about":[{"href":"\/gruppo2\/wp-json\/wp\/v2\/types\/page"}],"author":[{"embeddable":true,"href":"\/gruppo2\/wp-json\/wp\/v2\/users\/35"}],"replies":[{"embeddable":true,"href":"\/gruppo2\/wp-json\/wp\/v2\/comments?post=37687"}],"version-history":[{"count":60,"href":"\/gruppo2\/wp-json\/wp\/v2\/pages\/37687\/revisions"}],"predecessor-version":[{"id":38805,"href":"\/gruppo2\/wp-json\/wp\/v2\/pages\/37687\/revisions\/38805"}],"wp:attachment":[{"href":"\/gruppo2\/wp-json\/wp\/v2\/media?parent=37687"}],"curies":[{"name":"wp","href":"https:\/\/api.w.org\/{rel}","templated":true}]}}