{"id":36682,"date":"2020-04-26T12:57:04","date_gmt":"2020-04-26T10:57:04","guid":{"rendered":"\/gruppo4\/?page_id=36682"},"modified":"2023-03-02T16:08:01","modified_gmt":"2023-03-02T15:08:01","slug":"gast","status":"publish","type":"page","link":"\/gruppo4\/gast\/","title":{"rendered":"GAST"},"content":{"rendered":"\n<figure class=\"wp-block-table\">\n<table style=\"width: 100%; height: 203px;\">\n<tbody>\n<tr style=\"height: 203px;\">\n<td class=\"has-text-align-center\" style=\"height: 203px;\" data-align=\"center\"><span style=\"color: #004a80; font-size: 36px;\"><strong>GAST<\/strong><\/span>\u00a0<span style=\"font-size: 12px; color: #000000;\">GAUGE AND STRING THEORIES<\/span><br \/><em><span style=\"font-size: 21px;\">Dinamica non perturbativa in teorie di gauge e di stringa<\/span><br \/><br \/><\/em>\u00a0<br \/>\u00a0<br \/><strong>Coordinatore: Davide Fioravanti<br \/>\u00a0<br \/>E-mail: davide.fioravanti at bo.infn.it, Tel: +39 051 20 91078\u00a0<\/strong><\/td>\n<\/tr>\n<\/tbody>\n<\/table>\n<\/figure>\n\n\n\n<h4>Membri del gruppo<\/h4>\n<p><span style=\"font-size: 12px;\">Cliccare su (pub) per una lista di pubblicazioni da&nbsp;<em>Inspire<\/em><\/span><\/p>\n<h5>Staff<\/h5>\n<table style=\"width: 100%; border-collapse: collapse; border-style: hidden; height: 166px;\" border=\"1\">\n<tbody>\n<tr style=\"height: 166px;\">\n<td style=\"width: 289.5px; height: 166px;\">\n<ul>\n<li><a href=\"https:\/\/www.unibo.it\/sitoweb\/fiorenzo.bastianelli\/en\" data-wpel-link=\"external\" target=\"_blank\" rel=\"nofollow external noopener noreferrer\" title=\"Open page in new tab Fiorenzo Bastianelli\"><strong>Fiorenzo Bastianelli<\/strong><\/a>&nbsp;(<a href=\"http:\/\/inspirehep.net\/search?ln=en&amp;p=find+a+bastianelli%2C+fiorenzo&amp;of=hb&amp;action_search=Search\" data-wpel-link=\"external\" target=\"_blank\" rel=\"nofollow external noopener noreferrer\" title=\"Open page in new tab pub F.B.\">pub F.B.<\/a>)<\/li>\n<li><a href=\"http:\/\/personale.unimore.it\/rubrica\/dettaglio\/ocorradini\" data-wpel-link=\"external\" target=\"_blank\" rel=\"nofollow external noopener noreferrer\" title=\"Open page in new tab Olindo Corradini\"><strong>Olindo Corradini<\/strong><\/a>&nbsp;(<a href=\"http:\/\/inspirehep.net\/search?ln=en&amp;ln=en&amp;p=find+a+corradini%2C+olindo&amp;of=hb&amp;action_search=Search&amp;sf=&amp;so=d&amp;rm=&amp;rg=25&amp;sc=0\" data-wpel-link=\"external\" target=\"_blank\" rel=\"nofollow external noopener noreferrer\" title=\"Open page in new tab pub O.C.\">pub O.C.<\/a>)<\/li>\n<li><a href=\"http:\/\/www-th.bo.infn.it\/activities\/pi14\/member\/fioravanti.html\" data-wpel-link=\"external\" target=\"_blank\" rel=\"nofollow external noopener noreferrer\" title=\"Open page in new tab Davide Fioravanti\"><strong>Davide Fioravanti<\/strong><\/a>&nbsp;(<a href=\"http:\/\/inspirehep.net\/search?ln=en&amp;p=find+a+zucchini%2C+roberto&amp;of=hb&amp;action_search=Search\" data-wpel-link=\"external\" target=\"_blank\" rel=\"nofollow external noopener noreferrer\" title=\"Open page in new tab pub D.F.\">pub D.F.<\/a>)<\/li>\n<li><a href=\"https:\/\/www.unibo.it\/sitoweb\/emanuele.latini\/en\" data-wpel-link=\"external\" target=\"_blank\" rel=\"nofollow external noopener noreferrer\" title=\"Open page in new tab Emanuele Latini\"><strong>Emanuele Latini<\/strong><\/a>&nbsp;(<a href=\"http:\/\/inspirehep.net\/search?ln=en&amp;ln=en&amp;p=find+a+latini%2C+emanuele&amp;of=hb&amp;action_search=Search&amp;sf=earliestdate&amp;so=d&amp;rm=&amp;rg=25&amp;sc=0\" data-wpel-link=\"external\" target=\"_blank\" rel=\"nofollow external noopener noreferrer\" title=\"Open page in new tab pub E.L.\">pub E.L.<\/a>)<\/li>\n<\/ul>\n<\/td>\n<td style=\"width: 289.5px; height: 166px;\">\n<ul>\n<li><a href=\"https:\/\/www.unibo.it\/sitoweb\/francesco.ravanini\/en\" data-wpel-link=\"external\" target=\"_blank\" rel=\"nofollow external noopener noreferrer\" title=\"Open page in new tab Francesco Ravanini\"><strong>Francesco Ravanini<\/strong><\/a>&nbsp;(<a href=\"http:\/\/inspirehep.net\/search?ln=en&amp;p=a+ravanini%2C+f&amp;of=hb&amp;action_search=Search\" data-wpel-link=\"external\" target=\"_blank\" rel=\"nofollow external noopener noreferrer\" title=\"Open page in new tab pub F.R.\">pub F.R.<\/a>)<\/li>\n<li><a href=\"http:\/\/www-th.bo.infn.it\/activities\/pi14\/member\/rossi.html\" data-wpel-link=\"external\" target=\"_blank\" rel=\"nofollow external noopener noreferrer\" title=\"Open page in new tab Marco Rossi\"><strong>Marco Rossi<\/strong><\/a>&nbsp;(<a href=\"http:\/\/inspirehep.net\/search?ln=en&amp;ln=en&amp;p=find+a+rossi%2C+marco+and+ac+1-%3E10&amp;of=hb&amp;action_search=Search&amp;sf=earliestdate&amp;so=d&amp;rm=&amp;rg=25&amp;sc=0\" data-wpel-link=\"external\" target=\"_blank\" rel=\"nofollow external noopener noreferrer\" title=\"Open page in new tab pub M.R.\">pub M.R.<\/a>)<\/li>\n<li><a href=\"http:\/\/personale.unimore.it\/rubrica\/dettaglio\/dtrancan\" data-wpel-link=\"external\" target=\"_blank\" rel=\"nofollow external noopener noreferrer\" title=\"Open page in new tab Diego Trancanelli\"><strong>Diego Trancanelli<\/strong><\/a>&nbsp;(<a href=\"http:\/\/inspirehep.net\/search?ln=en&amp;ln=en&amp;p=a+trancanelli%2C+d&amp;of=hb&amp;action_search=Search&amp;sf=earliestdate&amp;so=d&amp;rm=&amp;rg=25&amp;sc=0\" data-wpel-link=\"external\" target=\"_blank\" rel=\"nofollow external noopener noreferrer\" title=\"Open page in new tab pub D.T.\">pub D.T.<\/a>)<\/li>\n<li><a href=\"https:\/\/www.unibo.it\/sitoweb\/roberto.zucchini\/en\" data-wpel-link=\"external\" target=\"_blank\" rel=\"nofollow external noopener noreferrer\" title=\"Open page in new tab Roberto Zucchini\"><strong>Roberto Zucchini<\/strong><\/a>&nbsp;(<a href=\"http:\/\/inspirehep.net\/search?ln=en&amp;p=find+a+zucchini%2C+roberto&amp;of=hb&amp;action_search=Search\" data-wpel-link=\"external\" target=\"_blank\" rel=\"nofollow external noopener noreferrer\" title=\"Open page in new tab pub R.Z.\">pub R.Z.<\/a>)<\/li>\n<\/ul>\n<\/td>\n<\/tr>\n<\/tbody>\n<\/table>\n<h5><span style=\"color: inherit; font-size: 1em; font-weight: 600;\">Postdoc<\/span><\/h5>\n<table style=\"width: 100%; border-collapse: collapse; border-style: hidden;\" border=\"1\">\n<tbody>\n<tr>\n<td style=\"width: 50%;\">\n<ul>\n<li><span style=\"font-size: 16px;\"><a href=\"https:\/\/www.unibo.it\/sitoweb\/hasmik.poghosyan\/en\" data-wpel-link=\"external\" target=\"_blank\" rel=\"nofollow external noopener noreferrer\" title=\"Open page in new tab Hasmik Poghosyan\"><strong>Hasmik Poghosyan<\/strong><\/a>&nbsp;(<a href=\"http:\/\/inspirehep.net\/search?ln=en&amp;p=find+a+poghosyan%2C+hasmyk&amp;of=hb&amp;action_search=Search\" data-wpel-link=\"external\" target=\"_blank\" rel=\"nofollow external noopener noreferrer\" title=\"Open page in new tab pub H.P.\">pub H.P.<\/a>)<\/span><\/li>\n<\/ul>\n<\/td>\n<td style=\"width: 50%;\">&nbsp;<\/td>\n<\/tr>\n<\/tbody>\n<\/table>\n<h5>Dottorandi<\/h5>\n<table style=\"width: 100%; border-collapse: collapse; border-style: hidden;\" border=\"1\">\n<tbody>\n<tr>\n<td style=\"width: 50%;\">\n<ul>\n<li><a href=\"https:\/\/www.unibo.it\/sitoweb\/daniele.gregori6\/en\" data-wpel-link=\"external\" target=\"_blank\" rel=\"nofollow external noopener noreferrer\" title=\"Open page in new tab Daniele Gregori\"><strong>Daniele Gregori<\/strong><\/a>&nbsp;(<a href=\"https:\/\/inspirehep.net\/authors\/1030877\" data-wpel-link=\"external\" target=\"_blank\" rel=\"nofollow external noopener noreferrer\" title=\"Open page in new tab pub D.G.\">pub D.G.<\/a>)<\/li>\n<li><a href=\"http:\/\/www.nano-phdschool.unimore.it\/site\/home\/phd-students\/scheda102011007.html\" data-wpel-link=\"external\" target=\"_blank\" rel=\"nofollow external noopener noreferrer\" title=\"Open page in new tab Maurizio Muratori\"><strong>Maurizio Muratori<\/strong><\/a>&nbsp;(<a href=\"https:\/\/inspirehep.net\/literature?sort=mostrecent&amp;size=25&amp;page=1&amp;q=a%20M.Muratori.1\" data-wpel-link=\"external\" target=\"_blank\" rel=\"nofollow external noopener noreferrer\" title=\"Open page in new tab pub M.M.\">pub M.M.<\/a>)<\/li>\n<\/ul>\n<\/td>\n<td style=\"width: 50%;\">\n<ul>\n<li><a href=\"https:\/\/www.unibo.it\/sitoweb\/octavio.pomponio\/en\" data-wpel-link=\"external\" target=\"_blank\" rel=\"nofollow external noopener noreferrer\" title=\"Open page in new tab Octavio Pomponio\"><strong>Octavio Pomponio<\/strong><\/a>&nbsp;(<a href=\"http:\/\/inspirehep.net\/search?ln=en&amp;p=find+a+pomponio%2C+octavio&amp;of=hb&amp;action_search=Search\" data-wpel-link=\"external\" target=\"_blank\" rel=\"nofollow external noopener noreferrer\" title=\"Open page in new tab pub O.P.\">pub O.P.<\/a>)<\/li>\n<\/ul>\n<\/td>\n<\/tr>\n<\/tbody>\n<\/table>\n\n\n\n<h3>Attivit\u00e0 di Ricerca<\/h3>\n<p>La teoria dei campi \u00e8 lo strumento base in fisica teorica per descrivere il comportamento delle particelle elementari e delle interazioni fondamentali. Il suo raggio d\u2019azione si estende anche ai fenomeni critici in meccanica statistica e alla materia condensata. Al momento abbiamo un ottimo controllo della teoria dei campi a livello perturbativo mentre una piena comprensione degli aspetti non perturbativi \u00e8 oggetto di ricerca di grande attualit\u00e0. Questa pu\u00f2 essere raggiunta tramite approcci basati sul gruppo di rinormalizzazione, l\u2019olografia e le dualit\u00e0, la supersimmetria e l\u2019integrabilit\u00e0 che permettono di far emergere strutture algebriche e analitiche il cui studio pu\u00f2 condurre a risultati esatti.<\/p>\n<p>Le nostre attivit\u00e0 si focalizzano su vari aspetti della teoria quantistica dei campi e della teoria di stringa. In particolare:&nbsp;<\/p>\n<ul>\n<li><strong>Metodi Worldline:<\/strong>&nbsp;metodi di prima quantizzazione aventi lo scopo di trovare rappresentazioni alternative di ampiezze di scattering e azioni efficaci in QFT con accoppiamenti di gauge e gravitazionali, anche ispirandosi alle teorie di stringhe [<a href=\"https:\/\/www.unibo.it\/sitoweb\/fiorenzo.bastianelli\" target=\"_blank\" rel=\"noopener noreferrer nofollow external\" data-wpel-link=\"external\" title=\"Open page in new tab F. Bastianelli\">F. Bastianelli<\/a>].<\/li>\n<li><strong>Integrabilit\u00e0:<\/strong> \u00e8 una propriet\u00e0 profonda di una classe di teorie che permette di calcolare esattamente quantit\u00e0 fisiche non banali grazie ad una struttura fisica e matematica soggiacente. In generale, tale propriet\u00e0 si manifesta in maniera naturale in sistemi 2D, ma pu\u00f2 essere presente in forme pi\u00f9 sofisticate anche in D&gt;2.\n<ul>\n<li><strong>Bethe Ansatz Termodinamico<\/strong>: nelle teorie di campo integrabili \u00e8 possibile considerare, in maniera esatta e unificata, il problema del comportamento termodinamico e quello degli effetti di volume finito, usando l\u2019idea del Bethe Ansatz Termodinamico (TBA). Lo sviluppo delle strutture matematiche soggiacenti al TBA ha rivelato architetture algebriche e analitiche sorprendenti, connesse con altri ambiti della matematica e della fisica e tuttora oggetto di attivi e coinvolgenti approfondimenti [<a href=\"http:\/\/www-th.bo.infn.it\/activities\/pi14\/member\/fioravanti.html\" target=\"_blank\" rel=\"noopener noreferrer nofollow external\" data-wpel-link=\"external\" title=\"Open page in new tab D. Fioravanti\">D. Fioravanti<\/a>, <a href=\"https:\/\/www.unibo.it\/sitoweb\/francesco.ravanini\/\" target=\"_blank\" rel=\"noopener noreferrer nofollow external\" data-wpel-link=\"external\" title=\"Open page in new tab F. Ravanini\">F. Ravanini<\/a>].<\/li>\n<li><strong>Integrabilit\u00e0 in teorie supersimmetriche in 4D e stringhe<\/strong>: le teorie di gauge supersimmetriche in 4D, che rivestono anche un interesse fenomenologico, mostrano un interessantissimo legame (dualit\u00e0) con&nbsp; teorie di stringa, dove la struttura bidimensionale della teoria porta naturalmente all\u2019integrabilit\u00e0. Lo scopo finale di questi studi \u00e8 quello di arrivare a modelli pi\u00f9 fondamentali e realistici per le interazioni [<a href=\"http:\/\/www-th.bo.infn.it\/activities\/pi14\/member\/fioravanti.html\" target=\"_blank\" rel=\"noopener noreferrer nofollow external\" data-wpel-link=\"external\" title=\"Open page in new tab D. Fioravanti\">D. Fioravanti<\/a>, <a href=\"https:\/\/www.unibo.it\/sitoweb\/daniele.gregori6\" target=\"_blank\" rel=\"noopener noreferrer nofollow external\" data-wpel-link=\"external\" title=\"Open page in new tab D.Gregori\">D.Gregori<\/a>, <a href=\"https:\/\/www.unibo.it\/sitoweb\/hasmik.poghosyan\" target=\"_blank\" rel=\"noopener noreferrer nofollow external\" data-wpel-link=\"external\" title=\"Open page in new tab H.Poghosyan\">H.Poghosyan<\/a>].<\/li>\n<li><strong>Integrabilit\u00e0 in fisica del non equilibrio:<\/strong>&nbsp;la fisica del non equilibrio \u00e8 una delle maggiori sfide della meccanica statistica moderna. Gli sviluppi degli ultimi anni hanno enfatizzato l\u2019esistenza di metodi di QFT per affrontare questi fenomeni, non solo a livello classico, ma anche a quello quantistico, ove sono collegati alla fisica degli atomi freddi e dei condensati bosonici. L\u2019approccio a \u201cquantum quench\u201d \u00e8 ormai maturo, mentre la idrodinamica generalizzata (GHD) \u00e8 in una fase di attivo sviluppo in questi ultimi anni. In entrambi gli approcci, l\u2019integrabilit\u00e0 e la fisica non perturbativa giocano un ruolo essenziale [<a href=\"https:\/\/www.unibo.it\/sitoweb\/octavio.pomponio\" target=\"_blank\" rel=\"noopener noreferrer nofollow external\" data-wpel-link=\"external\" title=\"Open page in new tab O. Pomponio\">O. Pomponio<\/a>, <a href=\"https:\/\/www.unibo.it\/sitoweb\/francesco.ravanini\/\" target=\"_blank\" rel=\"noopener noreferrer nofollow external\" data-wpel-link=\"external\" title=\"Open page in new tab F. Ravanini\">F. Ravanini<\/a>].<\/li>\n<\/ul>\n<\/li>\n<li><span style=\"color: inherit;font-weight: 600\">Aspetti topologici e geometrici delle teorie di campo e di stringa: <\/span><span style=\"font-size: inherit\">Modelli sigma non lineari.&nbsp; Quantizzazione&nbsp; di Batalin-Vilkovisky nella formulazione geometrica di Alexandrov-Kontsevich-Schwartz-Zaboronsky. Teoria di gauge superiore [<a href=\"https:\/\/www.unibo.it\/sitoweb\/roberto.zucchini\" target=\"_blank\" rel=\"noopener noreferrer nofollow external\" data-wpel-link=\"external\" title=\"Open page in new tab R. Zucchini\">R. Zucchini<\/a>].<\/span><\/li>\n<li><strong>Anomalie:<\/strong>&nbsp;descrivono la rottura quantistica di simmetrie classiche. Hanno applicazioni di vasta portata, che vanno dal vincolare il contenuto di materia delle teorie di gauge alla caratterizzazione di propriet\u00e0 non perturbative delle QFT e del loro comportamento sotto l&#8217;azione del gruppo di rinormalizzazione [<a href=\"https:\/\/www.unibo.it\/sitoweb\/fiorenzo.bastianelli\" target=\"_blank\" rel=\"noopener noreferrer nofollow external\" data-wpel-link=\"external\" title=\"Open page in new tab F. Bastianelli\">F. Bastianelli<\/a>].<\/li>\n<\/ul>\n\n\n\n<h4>Collaborazioni<\/h4>\n\n\n\n<ul class=\"wp-block-list\">\n<li><strong>Prof. Christian Schubert&nbsp;<\/strong>(Universidad Michoacana, Morelia, Messico)&nbsp;<\/li>\n\n\n\n<li><strong>Dr. James Edwards&nbsp;<\/strong>(Universidad Michoacana, Morelia, Messico)&nbsp;<\/li>\n\n\n\n<li><strong>Dr. Naser Ahmadiniaz&nbsp;<\/strong>(Institute for Basic Science, Gwangju, Sud-Corea)&nbsp;<\/li>\n\n\n\n<li><strong>Dr. Roberto Tateo&nbsp;<\/strong>(Universit\u00e0 di Torino, Italia)<\/li>\n\n\n\n<li><strong>Prof. Andrew Waldron&nbsp;<\/strong>(University of California at Davis, USA)<\/li>\n\n\n\n<li><strong>Dr. Pablo A.G. Pisani&nbsp;<\/strong>(Universidad Nacional de La Plata, La Plata, Argentina)&nbsp;<\/li>\n\n\n\n<li><strong>Prof. Thanu Padmanabhan&nbsp;<\/strong>(IUCAA, Pune University, Pune, India)&nbsp;<\/li>\n\n\n\n<li><strong>Dr. Benjamin Doyon<\/strong>&nbsp;(King\u2019s College, London, UK)<\/li>\n\n\n\n<li><strong>Dr. Olalla Castro-Alvaredo<\/strong>&nbsp;(City University, London, UK)<\/li>\n\n\n\n<li><strong>Prof. Changrim Ahn<\/strong>&nbsp;(Ewha Womans University, Seoul, Sud-Corea)<\/li>\n\n\n\n<li><strong>Prof. Paul A. Pearce<\/strong>&nbsp;(University of Melbourne, Australia)<\/li>\n<\/ul>\n\n\n\n<p><\/p>\n","protected":false},"excerpt":{"rendered":"<p>GAST\u00a0GAUGE AND STRING THEORIESDinamica non perturbativa in teorie di gauge e di stringa \u00a0\u00a0Coordinatore: Davide Fioravanti\u00a0E-mail: davide.fioravanti at bo.infn.it, Tel: +39 051 20 91078\u00a0 Membri del gruppo Cliccare su (pub) per una lista di pubblicazioni da&nbsp;Inspire Staff Fiorenzo Bastianelli&nbsp;(pub F.B.) Olindo Corradini&nbsp;(pub O.C.) Davide Fioravanti&nbsp;(pub D.F.) Emanuele Latini&nbsp;(pub E.L.) Francesco Ravanini&nbsp;(pub F.R.) Marco Rossi&nbsp;(pub M.R.) [&hellip;]<\/p>\n","protected":false},"author":29,"featured_media":0,"parent":0,"menu_order":0,"comment_status":"closed","ping_status":"closed","template":"template-page-builder-no-sidebar.php","meta":{"_lmt_disableupdate":"no","_lmt_disable":"","footnotes":""},"class_list":["post-36682","page","type-page","status-publish","hentry"],"_links":{"self":[{"href":"\/gruppo4\/wp-json\/wp\/v2\/pages\/36682","targetHints":{"allow":["GET"]}}],"collection":[{"href":"\/gruppo4\/wp-json\/wp\/v2\/pages"}],"about":[{"href":"\/gruppo4\/wp-json\/wp\/v2\/types\/page"}],"author":[{"embeddable":true,"href":"\/gruppo4\/wp-json\/wp\/v2\/users\/29"}],"replies":[{"embeddable":true,"href":"\/gruppo4\/wp-json\/wp\/v2\/comments?post=36682"}],"version-history":[{"count":23,"href":"\/gruppo4\/wp-json\/wp\/v2\/pages\/36682\/revisions"}],"predecessor-version":[{"id":39527,"href":"\/gruppo4\/wp-json\/wp\/v2\/pages\/36682\/revisions\/39527"}],"wp:attachment":[{"href":"\/gruppo4\/wp-json\/wp\/v2\/media?parent=36682"}],"curies":[{"name":"wp","href":"https:\/\/api.w.org\/{rel}","templated":true}]}}