{"id":37159,"date":"2020-05-08T09:21:11","date_gmt":"2020-05-08T07:21:11","guid":{"rendered":"\/gruppo5\/?page_id=37159"},"modified":"2023-03-02T14:46:25","modified_gmt":"2023-03-02T13:46:25","slug":"rd-rivelatori-veloci","status":"publish","type":"page","link":"\/gruppo5\/rd-rivelatori-veloci\/","title":{"rendered":"R&amp;D Rivelatori Veloci"},"content":{"rendered":"\n<h4 style=\"text-align: center;\"><span style=\"color: #4196b4; font-size: 18pt;\"><strong><span style=\"font-family: Open Sans; font-size: 24px;\">R&amp;D &#8211; rivelatori Veloci<\/span><br \/><br \/><\/strong><\/span><\/h4>\n<p><span style=\"font-family: Open Sans;\"><strong>Gruppo locale:\u00a0<\/strong> Francesca Carnesecchi, <a href=\"https:\/\/www.bo.infn.it\/tgenerale\/personale-del-servizio-tecnico-generale\/\" target=\"_blank\" rel=\"noopener noreferrer nofollow external\" data-wpel-link=\"external\" title=\"Open page in new tab Daniele Cavazza\">Daniele Cavazza<\/a>, <a href=\"https:\/\/www.bo.infn.it\/officina\/\" target=\"_blank\" rel=\"noopener noreferrer nofollow external\" data-wpel-link=\"external\" title=\"Open page in new tab Anselmo Margotti\">Anselmo Margotti<\/a>, <a href=\"\/tgenerale\/\" target=\"_self\" rel=\"noopener noreferrer nofollow\" data-wpel-link=\"internal\" title=\"Open page Rosario Nania\">Rosario Nania<\/a>, <a href=\"https:\/\/www.unibo.it\/sitoweb\/gilda.scioli3\" target=\"_blank\" rel=\"noopener noreferrer nofollow external\" data-wpel-link=\"external\" title=\"Open page in new tab Gilda Scioli\">Gilda Scioli<\/a><br \/><\/span><\/p>\n<p><span style=\"font-family: Open Sans;\"><strong>Obiettivi Generali: <\/strong>L&#8217; R&amp;D &#8211; Rivelatori Veloci \u00e8 incentrato sulla Ricerca e Sviluppo di rivelatori con lo scopo ultimo di misurare\u00a0 l&#8217;istante del passaggio di una particella con una risoluzione all\u2019avanguardia, dell\u2019ordine delle decine di ps. Una tale risoluzione temporale potrebbe non solo aiutare in molti campi, dalla fisica delle particelle (PID, calorimetria) alla fisica medica (TOF-PET), ma anche divenire necessaria per risolvere, ad esempio, il problema dell\u2019elevato numero di interazioni previste ad ogni collisione dei fasci delle prossime generazioni di acceleratori (HL-LHC e FCC).<\/span><\/p>\n<p><span style=\"font-family: Open Sans;\"><strong>Attivit\u00e0<\/strong>: Questa attivit\u00e0 \u00e8 cominciata gi\u00e0 grazie al progetto ALICE, con lo studio di rivelatori a gas MRPC (Multigap Resistive Plate Chamber) e proseguita sia con un ulteriore studio di questi rivelatori sia spostandosi verso lo studio di rivelatori ultraveloci al silicio. Nello specifico sono stati studiati sia fotorivelatori al silicio SiPM (Silicon PhotoMultiplier) (sin dal 2012), accoppiati a scintillatori plastici, sia rivelatori UFSD (Ultra Fast Silicon Detector) (sin dal 2015), basati sulla tecnologia LGAD (Low Gain Avalanche Detector). L\u2019attivit\u00e0 si basa su una completa caratterizzazione dei rivelatori sotto studio e sulla successiva analisi dei limiti temporali raggiungibili (tramite laser, raggi cosmici e test tramite fasci di acceleratori).<\/span><\/p>\n\n\n\n\n\n<span class=\"collapseomatic noarrow\" id=\"MRPC\"  tabindex=\"0\" alt=\"Informazioni su MRPC\" title=\"Informazioni su MRPC\"    ><strong>+ MRPC<\/strong><\/span><span id='swap-MRPC'  class='colomat-swap' style='display:none;'><strong>- MRPC<\/strong><\/span><div id=\"target-MRPC\" class=\"collapseomatic_content \">\n<a href=\"https:\/\/www.sciencedirect.com\/science\/article\/pii\/S0168900219302566?via%3Dihub\" target=\"_blank\" rel=\"noopener noreferrer nofollow external\" data-wpel-link=\"external\" title=\"Open page in new tab Timing performance study of Multigap Resistive Plate Chamber with different gap size\">Timing performance study of Multigap Resistive Plate Chamber with different gap size<\/a>, NIMA, 2019<\/p>\n<p>\n<a href=\"https:\/\/www.sciencedirect.com\/science\/article\/pii\/S0168900218310544?via%3Dihub\" target=\"_blank\" rel=\"noopener noreferrer nofollow external\" data-wpel-link=\"external\" title=\"Open page in new tab 20 gas gaps Multigap Resistive Plate Chamber: Improved rate capability with excellent time resolution\">20 gas gaps Multigap Resistive Plate Chamber: Improved rate capability with excellent time resolution<\/a>,NIMA, 2018\n<\/p>\n<p>\n<a href=\"https:\/\/www.sif.it\/riviste\/sif\/ncc\/econtents\/2018\/041\/03\/article\/4\" target=\"_blank\" rel=\"noopener noreferrer nofollow external\" data-wpel-link=\"external\" title=\"Open page in new tab Recent R&amp;D to improve the time resolution and rate capability of the Multigap Resistive Plate Chamber\">Recent R&amp;D to improve the time resolution and rate capability of the Multigap Resistive Plate Chamber<\/a>, Nuovo Cimento C, 2017\n<\/p>\n<p>\n<\/div>\n<p><br>\n<span class=\"collapseomatic noarrow\" id=\"SiPM\"  tabindex=\"0\" alt=\"Informazioni su SiPM\" title=\"Informazioni su SiPM\"    ><strong>+ SiPM<\/strong><\/span><span id='swap-SiPM'  class='colomat-swap' style='display:none;'><strong>- SiPM<\/strong><\/span><div id=\"target-SiPM\" class=\"collapseomatic_content \">\n<a href=\"https:\/\/doi.org\/10.1016\/j.nima.2020.164484\" target=\"_blank\" rel=\"noopener nofollow external noreferrer\" data-wpel-link=\"external\" title=\"Open page in new tab Experimental study of the time resolution of SiPM coupled to scintillator\">Experimental study of the time resolution of SiPM coupled to scintillator<\/a>, NIMA, 2020<\/p>\n<p>\n<a href=\"https:\/\/iopscience.iop.org\/article\/10.1088\/1748-0221\/13\/09\/P09012\" target=\"_blank\" rel=\"noopener noreferrer nofollow external\" data-wpel-link=\"external\" title=\"Open page in new tab Time resolution measurements with SiPMs coupled to a scintillator\">Time resolution measurements with SiPMs coupled to a scintillator<\/a>, JINST, 2018\n<\/p>\n<p><br>\n<\/div>\n<\/p>\n<span class=\"collapseomatic noarrow\" id=\"UFSD\"  tabindex=\"0\" alt=\"Informazioni su UFSD\" title=\"Informazioni su UFSD\"    ><strong>+ UFSD<\/strong><\/span><span id='swap-UFSD'  class='colomat-swap' style='display:none;'><strong>- UFSD<\/strong><\/span><div id=\"target-UFSD\" class=\"collapseomatic_content \">\n<a href=\"https:\/\/www.sciencedirect.com\/science\/article\/pii\/S0168900218312634?via%3Dihub\" target=\"_blank\" rel=\"noopener noreferrer nofollow external\" data-wpel-link=\"external\" title=\"Open page in new tab Development of ultra fast silicon detector for 4D tracking\">Development of ultra fast silicon detector for 4D tracking<\/a>, NIMA, 2019\n<\/p>\n<p><br>\n<\/div>\n","protected":false},"excerpt":{"rendered":"<p>R&amp;D &#8211; rivelatori Veloci Gruppo locale:\u00a0 Francesca Carnesecchi, Daniele Cavazza, Anselmo Margotti, Rosario Nania, Gilda Scioli Obiettivi Generali: L&#8217; R&amp;D &#8211; Rivelatori Veloci \u00e8 incentrato sulla Ricerca e Sviluppo di rivelatori con lo scopo ultimo di misurare\u00a0 l&#8217;istante del passaggio di una particella con una risoluzione all\u2019avanguardia, dell\u2019ordine delle decine di ps. Una tale risoluzione [&hellip;]<\/p>\n","protected":false},"author":53,"featured_media":0,"parent":0,"menu_order":0,"comment_status":"closed","ping_status":"closed","template":"template-page-builder-no-sidebar.php","meta":{"_lmt_disableupdate":"no","_lmt_disable":"","footnotes":""},"class_list":["post-37159","page","type-page","status-publish","hentry"],"_links":{"self":[{"href":"\/gruppo5\/wp-json\/wp\/v2\/pages\/37159","targetHints":{"allow":["GET"]}}],"collection":[{"href":"\/gruppo5\/wp-json\/wp\/v2\/pages"}],"about":[{"href":"\/gruppo5\/wp-json\/wp\/v2\/types\/page"}],"author":[{"embeddable":true,"href":"\/gruppo5\/wp-json\/wp\/v2\/users\/53"}],"replies":[{"embeddable":true,"href":"\/gruppo5\/wp-json\/wp\/v2\/comments?post=37159"}],"version-history":[{"count":17,"href":"\/gruppo5\/wp-json\/wp\/v2\/pages\/37159\/revisions"}],"predecessor-version":[{"id":38263,"href":"\/gruppo5\/wp-json\/wp\/v2\/pages\/37159\/revisions\/38263"}],"wp:attachment":[{"href":"\/gruppo5\/wp-json\/wp\/v2\/media?parent=37159"}],"curies":[{"name":"wp","href":"https:\/\/api.w.org\/{rel}","templated":true}]}}