{"id":37963,"date":"2022-02-11T14:43:36","date_gmt":"2022-02-11T13:43:36","guid":{"rendered":"\/gruppo5\/?page_id=37963"},"modified":"2024-04-02T16:44:14","modified_gmt":"2024-04-02T14:44:14","slug":"anemone","status":"publish","type":"page","link":"\/gruppo5\/en\/anemone\/","title":{"rendered":"ANEMONE"},"content":{"rendered":"\n<h2 class=\"wp-block-heading has-text-align-center\"><span style=\"font-family: Open Sans;font-size: 28px;color: #4196b4\"> ANEMONE<\/span><\/h2>\n\n\n\n<p><strong>Local Coordinator: Laura Basiric\u00f2<\/strong><br><strong>National Coordinator:<\/strong> Laura Basiric\u00f2<br><strong>Research Units: <\/strong>Bo, Fi, LNS<br><strong>Duration: <\/strong>2022-2023 + extension to 2024<\/p>\n\n\n\n<p><strong>Local Group: <\/strong>Laura Basiric\u00f2, Beatrice Fraboni, Andrea Ciavatti<\/p>\n\n\n\n<p>The main aim of the 2-year experiment ANEMONE is the development of the first perovskite thin-film based real-time direct detector for protons and carbon atoms, as real-time beam monitor for hadron therapy and as beam test tool for high-energy experiments, realized by low-cost printing techniques on flexible substrates.<\/p>\n","protected":false},"excerpt":{"rendered":"<p>ANEMONE Local Coordinator: Laura Basiric\u00f2National Coordinator: Laura Basiric\u00f2Research Units: Bo, Fi, LNSDuration: 2022-2023 + extension to 2024 Local Group: Laura Basiric\u00f2, Beatrice Fraboni, Andrea Ciavatti The main aim of the 2-year experiment ANEMONE is the development of the first perovskite thin-film based real-time direct detector for protons and carbon atoms, as real-time beam monitor for [&hellip;]<\/p>\n","protected":false},"author":53,"featured_media":0,"parent":0,"menu_order":0,"comment_status":"closed","ping_status":"closed","template":"template-page-builder-no-sidebar.php","meta":{"_lmt_disableupdate":"no","_lmt_disable":"","footnotes":""},"class_list":["post-37963","page","type-page","status-publish","hentry"],"_links":{"self":[{"href":"\/gruppo5\/wp-json\/wp\/v2\/pages\/37963","targetHints":{"allow":["GET"]}}],"collection":[{"href":"\/gruppo5\/wp-json\/wp\/v2\/pages"}],"about":[{"href":"\/gruppo5\/wp-json\/wp\/v2\/types\/page"}],"author":[{"embeddable":true,"href":"\/gruppo5\/wp-json\/wp\/v2\/users\/53"}],"replies":[{"embeddable":true,"href":"\/gruppo5\/wp-json\/wp\/v2\/comments?post=37963"}],"version-history":[{"count":5,"href":"\/gruppo5\/wp-json\/wp\/v2\/pages\/37963\/revisions"}],"predecessor-version":[{"id":38350,"href":"\/gruppo5\/wp-json\/wp\/v2\/pages\/37963\/revisions\/38350"}],"wp:attachment":[{"href":"\/gruppo5\/wp-json\/wp\/v2\/media?parent=37963"}],"curies":[{"name":"wp","href":"https:\/\/api.w.org\/{rel}","templated":true}]}}