{"id":38804,"date":"2020-04-27T18:41:06","date_gmt":"2020-04-27T16:41:06","guid":{"rendered":"\/prevenzione\/?page_id=38804"},"modified":"2024-08-01T16:34:41","modified_gmt":"2024-08-01T14:34:41","slug":"gestione-dpi","status":"publish","type":"page","link":"\/prevenzione\/gestione-dpi\/","title":{"rendered":"GESTIONE DPI"},"content":{"rendered":"\n<p><img loading=\"lazy\" decoding=\"async\" class=\"aligncenter wp-image-38806 size-medium\" title=\"DISPOSITIVI DI PROTEZIONE INDIVIDUALE -D.P.I \" src=\"\/prevenzione\/wp-content\/uploads\/sites\/16\/2020\/04\/dpi-300x238.jpg\" alt=\"DISPOSITIVI DI PROTEZIONE INDIVIDUALE -D.P.I \" width=\"300\" height=\"238\" \/><\/p>\n<h4 style=\"text-align: center;\"><span style=\"color: #002b48;\"><strong>DISPOSITIVI DI PROTEZIONE INDIVIDUALE -D.P.I .<\/strong><\/span><\/h4>\n<h5 style=\"text-align: center;\"><span style=\"color: #002b48;\"><strong>GESTIONE<\/strong><\/span><\/h5>\n<p style=\"text-align: left;\">In sezione i Dispositivi di protezione Individuale (D.P.I.) sono gestiti secondo le considerazioni e le procedure sotto riportate.<\/p>\n<p style=\"text-align: left;\">Si ricorda che sono Obbligatori i D.P.I. previsti dalla legge, cio\u00e8 necessari ad abbassare i rischi non altrimenti eliminabili, e gestiti; i non Obbligatori non sono adottati per la presenza di un rischio e possono essere non gestiti;<\/p>\n<p style=\"text-align: left;\">Si ricorda altres\u00ec che questi dispositivi sono tutti di uso individuale, ma in alcuni casi &#8211; es.grambiali per saldatura, guanti in maglia di acciaio ecc. &#8211; sono utilizzabili da pi\u00f9 persone.<\/p>\n<p style=\"text-align: left;\">Le lavorazioni svolte dai Servizi e dai Gruppi sperimentali della Sezione sono le pi\u00f9 varie, e richiedono l\u2019utilizzo dei pi\u00f9 diversi materiali e attrezzature; nella maggior parte dei casi poi ciascuna di esse \u00e8 effettuata per un periodo di tempo limitato, in connessione alla costruzione di un particolare apparato sperimentale, che vien prodotto al pi\u00f9 in pochissimi esemplari.<br \/>In queste condizioni non \u00e8 in generale efficiente programmare l\u2019acquisto con certe frequenze di date quantit\u00e0 di particolari DPI; piuttosto il Responsabile del Servizio o del Gruppo cui \u00e8 affidata una lavorazione nell\u2019ambito di un progetto, recepiti i suggerimenti del personale che vi \u00e8 impiegato e con il concorso del SPP, individua quali DPI sia opportuno utilizzare e li acquista nelle quantit\u00e0 necessarie.<br \/>I DPI individuati possono essere obbligatori o no.<br \/>Il Responsabile di Servizio o di Gruppo deve notificare per iscritto al personale impiegato in una lavorazione i DPI di uso obbligatorio, se necessario deve provvedere all\u2019addestramento al loro uso, e deve vigilare sull\u2019utilizzo degli stessi. I lavoratori sono informati dei loro obblighi di legge (art.78 D.Lgs. 81\/2008) riguardo la gestione dei dispositivi.<br \/>Non essendo disponibili i DPI obbligatori, le relative lavorazioni sono sospese.<br \/>I DPI obbligatori personali sono consegnati ai singoli lavoratori che firmano una ricevuta; per quanto attiene la dismissione, i lavoratori, a scadenza o quando non pi\u00f9 correttamente funzionali per usura, devono riconsegnare per lo smaltimento i dispositivi avuti in consegna, che vengono sostituiti.<br \/>I DPI non obbligatori sono utilizzati per rendere pi\u00f9 confortevole l\u2019attivit\u00e0 legata alla lavorazione, che comunque pu\u00f2 procedere anche se non sono momentaneamente disponibili; sono distribuiti a richiesta.<\/p>\n<p style=\"text-align: left;\">Vengono di seguito elencati i DPI pi\u00f9 utilizzati, in relazione ai tipi di attivit\u00e0 pi\u00f9 frequentemente svolte in Sezione\u00a0 :<br \/>Cuffie per la protezione dell\u2019udito<br \/>Occhiali di protezione contro i raggi x, laser, infrarossi, visibili, ultravioletti<br \/>Occhiali di protezione da schegge e schizzi<br \/>Maschere per la saldatura ad arco<br \/>Mascherine antipolvere<br \/>Mascherine a carboni attivi<br \/>Maschere facciali con filtro per le attivit\u00e0 nel Laboratorio \u201crivelatori nucleari\u201d (cfr valutazione rischi chimici)<br \/>Guanti contro le aggressioni meccaniche<br \/>Guanti in lattice per maneggio di sostanze irritanti o nocive<br \/>Grembiuli per saldatura<br \/>Scarpe di sicurezza da officina<\/p>\n<p style=\"text-align: left;\">Soprattutto in alcuni Servizi, accanto alle attivit\u00e0 molto varie legate ai diversi progetti, sono svolti con continuit\u00e0 nel tempo alcuni tipi di lavorazioni \u201cbase\u201d che si ripetono in quasi tutti i processi di costruzione. Sarebbe inutile reindividuare per ogni progetto i DPI da impiegare in tali lavorazioni, cos\u00ec questi ultimi sono definiti dal Responsabile del Servizio in relazione alle suddette lavorazioni e devono essere impiegati ogni qualvolta esse entrano in un particolare processo produttivo.<br \/>Quanto sopra si verifica tipicamente nel Servizio di Officina; si ricorda che, fra gli altri, i seguenti DPI personali sono obbligatori nelle attivit\u00e0 elencate accanto.<\/p>\n<p style=\"text-align: left;\">\u00a0<\/p>\n","protected":false},"excerpt":{"rendered":"<p>DISPOSITIVI DI PROTEZIONE INDIVIDUALE -D.P.I . GESTIONE In sezione i Dispositivi di protezione Individuale (D.P.I.) sono gestiti secondo le considerazioni e le procedure sotto riportate. Si ricorda che sono Obbligatori i D.P.I. previsti dalla legge, cio\u00e8 necessari ad abbassare i rischi non altrimenti eliminabili, e gestiti; i non Obbligatori non sono adottati per la presenza [&hellip;]<\/p>\n","protected":false},"author":96,"featured_media":0,"parent":0,"menu_order":0,"comment_status":"closed","ping_status":"closed","template":"template-page-builder-no-sidebar.php","meta":{"_lmt_disableupdate":"no","_lmt_disable":"","footnotes":""},"class_list":["post-38804","page","type-page","status-publish","hentry"],"_links":{"self":[{"href":"\/prevenzione\/wp-json\/wp\/v2\/pages\/38804","targetHints":{"allow":["GET"]}}],"collection":[{"href":"\/prevenzione\/wp-json\/wp\/v2\/pages"}],"about":[{"href":"\/prevenzione\/wp-json\/wp\/v2\/types\/page"}],"author":[{"embeddable":true,"href":"\/prevenzione\/wp-json\/wp\/v2\/users\/96"}],"replies":[{"embeddable":true,"href":"\/prevenzione\/wp-json\/wp\/v2\/comments?post=38804"}],"version-history":[{"count":5,"href":"\/prevenzione\/wp-json\/wp\/v2\/pages\/38804\/revisions"}],"predecessor-version":[{"id":40580,"href":"\/prevenzione\/wp-json\/wp\/v2\/pages\/38804\/revisions\/40580"}],"wp:attachment":[{"href":"\/prevenzione\/wp-json\/wp\/v2\/media?parent=38804"}],"curies":[{"name":"wp","href":"https:\/\/api.w.org\/{rel}","templated":true}]}}