{"id":38763,"date":"2020-05-13T12:06:30","date_gmt":"2020-05-13T10:06:30","guid":{"rendered":"\/progettazione\/?page_id=38763"},"modified":"2024-12-05T14:33:49","modified_gmt":"2024-12-05T13:33:49","slug":"ams","status":"publish","type":"page","link":"\/progettazione\/ams\/","title":{"rendered":"AMS"},"content":{"rendered":"\n<p style=\"text-align: center\"><span style=\"color: #007bb3;font-family: Open Sans;font-size: 28px\"><strong>AMS-02<\/strong><\/span><\/p>\n<hr>\n<p style=\"text-align: center\">&nbsp;<\/p>\n\n\n\n\n<p><span style=\"font-family: Open Sans\">Il rivelatore <span style=\"color: #007bb3\"><strong>A<\/strong>lpha <strong>M<\/strong>agnetic <strong>S<\/strong>pectrometer<\/span> (<span style=\"color: #007bb3\"><strong>AMS<\/strong><\/span>) e stato progettato per la misura dei raggi cosmici, cio\u00e8 delle particelle energetiche e dei nuclei completamente ionizzati nello spazio. L&#8217;esperimento \u00e8 stato installato sulla <span style=\"color: #007bb3\"><strong>S<\/strong>tazione <strong>S<\/strong>paziale <strong>I<\/strong>nternazionale<\/span> (<strong>ISS<\/strong>) nel maggio 2011. <\/span><\/p>\n<p><span style=\"font-family: Open Sans\">Il servizio si \u00e8 occupato di progettare, costruire e testare uno dei sotto-rivelatori: il <span style=\"color: #007bb3\"><strong>T<\/strong>ime <strong>O<\/strong>f <strong>F<\/strong>light<\/span> (<strong>TOF<\/strong>) che si compone di due parti l&#8217;<span style=\"color: #007bb3\">Upper TOF<\/span> ed il <span style=\"color: #007bb3\">Lower TOF<\/span>.<\/span><\/p>\n<p><a href=\"https:\/\/www.bo.infn.it\/gruppo2\/ams-it\/\" data-wpel-link=\"external\" target=\"_blank\" rel=\"nofollow external noopener noreferrer\" title=\"Open page in new tab Sito del gruppo AMS di Bologna\"><span style=\"font-family: Open Sans\">Sito del gruppo AMS di Bologna<\/span><\/a><\/p>\n<p><a href=\"https:\/\/ams02.space\/\" data-wpel-link=\"external\" target=\"_blank\" rel=\"nofollow external noopener noreferrer\" title=\"Open page in new tab Sito della collaborazione internazionale\"><span style=\"font-family: Open Sans\">Sito della collaborazione internazionale<\/span><\/a><\/p>\n<p>Poster<\/p>\n<p><a href=\"https:\/\/l.infn.it\/1be\" data-wpel-link=\"external\" target=\"_blank\" rel=\"nofollow external noopener noreferrer\" title=\"Open page in new tab AMS02-rivelatore\">AMS02-rivelatore<\/a><\/p>\n<p><a href=\"https:\/\/l.infn.it\/1bf\" data-wpel-link=\"external\" target=\"_blank\" rel=\"nofollow external noopener noreferrer\" title=\"Open page in new tab AMS02-scienza\">AMS02-scienza<\/a><\/p>\n<p><a href=\"https:\/\/l.infn.it\/1bd\" data-wpel-link=\"external\" target=\"_blank\" rel=\"nofollow external noopener noreferrer\" title=\"Open page in new tab AMS02-missione\">AMS02-missione<\/a><\/p>\n<figure id=\"attachment_38676\" aria-describedby=\"caption-attachment-38676\" style=\"width: 300px\" class=\"wp-caption aligncenter\"><img loading=\"lazy\" decoding=\"async\" class=\"wp-image-38676 size-medium\" src=\"\/progettazione\/wp-content\/uploads\/sites\/9\/2020\/05\/DSCN2273tagliata-300x225.jpg\" alt=\"AMS-02 UPPER TOF durante la fase di assemblaggio sul magnete\" width=\"300\" height=\"225\" srcset=\"\/progettazione\/wp-content\/uploads\/sites\/9\/2020\/05\/DSCN2273tagliata-300x225.jpg 300w, \/progettazione\/wp-content\/uploads\/sites\/9\/2020\/05\/DSCN2273tagliata-1024x768.jpg 1024w, \/progettazione\/wp-content\/uploads\/sites\/9\/2020\/05\/DSCN2273tagliata-768x576.jpg 768w, \/progettazione\/wp-content\/uploads\/sites\/9\/2020\/05\/DSCN2273tagliata-1536x1152.jpg 1536w, \/progettazione\/wp-content\/uploads\/sites\/9\/2020\/05\/DSCN2273tagliata.jpg 2048w\" sizes=\"auto, (max-width: 300px) 100vw, 300px\" \/><figcaption id=\"caption-attachment-38676\" class=\"wp-caption-text\">AMS-02 UPPER TOF durante la fase di assemblaggio sul magnete<\/figcaption><\/figure>\n<p>\u00a0<\/p>\n<figure id=\"attachment_38673\" aria-describedby=\"caption-attachment-38673\" style=\"width: 300px\" class=\"wp-caption aligncenter\"><img loading=\"lazy\" decoding=\"async\" class=\"wp-image-38673 size-medium\" src=\"\/progettazione\/wp-content\/uploads\/sites\/9\/2020\/05\/PA120095mod-300x191.jpg\" alt=\"AMS-02 LOWER TOF durante la fase del test di vibrazione a Terni\" width=\"300\" height=\"191\" srcset=\"\/progettazione\/wp-content\/uploads\/sites\/9\/2020\/05\/PA120095mod-300x191.jpg 300w, \/progettazione\/wp-content\/uploads\/sites\/9\/2020\/05\/PA120095mod-1024x651.jpg 1024w, \/progettazione\/wp-content\/uploads\/sites\/9\/2020\/05\/PA120095mod-768x488.jpg 768w, \/progettazione\/wp-content\/uploads\/sites\/9\/2020\/05\/PA120095mod-1536x976.jpg 1536w, \/progettazione\/wp-content\/uploads\/sites\/9\/2020\/05\/PA120095mod-2048x1301.jpg 2048w\" sizes=\"auto, (max-width: 300px) 100vw, 300px\" \/><figcaption id=\"caption-attachment-38673\" class=\"wp-caption-text\">AMS-02 LOWER TOF durante la fase del test di vibrazione a Terni<\/figcaption><\/figure>","protected":false},"excerpt":{"rendered":"<p>AMS-02 &nbsp; Il rivelatore Alpha Magnetic Spectrometer (AMS) e stato progettato per la misura dei raggi cosmici, cio\u00e8 delle particelle energetiche e dei nuclei completamente ionizzati nello spazio. L&#8217;esperimento \u00e8 stato installato sulla Stazione Spaziale Internazionale (ISS) nel maggio 2011. Il servizio si \u00e8 occupato di progettare, costruire e testare uno dei sotto-rivelatori: il Time [&hellip;]<\/p>\n","protected":false},"author":31,"featured_media":0,"parent":0,"menu_order":0,"comment_status":"closed","ping_status":"closed","template":"template-page-builder-no-sidebar.php","meta":{"_lmt_disableupdate":"no","_lmt_disable":"","footnotes":""},"class_list":["post-38763","page","type-page","status-publish","hentry"],"_links":{"self":[{"href":"\/progettazione\/wp-json\/wp\/v2\/pages\/38763","targetHints":{"allow":["GET"]}}],"collection":[{"href":"\/progettazione\/wp-json\/wp\/v2\/pages"}],"about":[{"href":"\/progettazione\/wp-json\/wp\/v2\/types\/page"}],"author":[{"embeddable":true,"href":"\/progettazione\/wp-json\/wp\/v2\/users\/31"}],"replies":[{"embeddable":true,"href":"\/progettazione\/wp-json\/wp\/v2\/comments?post=38763"}],"version-history":[{"count":23,"href":"\/progettazione\/wp-json\/wp\/v2\/pages\/38763\/revisions"}],"predecessor-version":[{"id":40310,"href":"\/progettazione\/wp-json\/wp\/v2\/pages\/38763\/revisions\/40310"}],"wp:attachment":[{"href":"\/progettazione\/wp-json\/wp\/v2\/media?parent=38763"}],"curies":[{"name":"wp","href":"https:\/\/api.w.org\/{rel}","templated":true}]}}