{"id":38765,"date":"2020-05-13T12:07:35","date_gmt":"2020-05-13T10:07:35","guid":{"rendered":"\/progettazione\/?page_id=38765"},"modified":"2024-11-21T16:19:57","modified_gmt":"2024-11-21T15:19:57","slug":"atlas","status":"publish","type":"page","link":"\/progettazione\/atlas\/","title":{"rendered":"ATLAS"},"content":{"rendered":"\n<p style=\"text-align: center\"><span style=\"color: #007bb3;font-family: Open Sans;font-size: 28px\"><strong>ATLAS<\/strong><\/span><\/p>\n<p><span style=\"font-family: Open Sans\"><strong><span style=\"color: #007bb3\">ATLAS<\/span><\/strong> ( <span style=\"color: #007bb3\"><strong>A<\/strong> <strong>T<\/strong><\/span>oroidal <span style=\"color: #007bb3\"><strong>L<\/strong><\/span>HC <span style=\"color: #007bb3\"><strong>A<\/strong><\/span>pparatu<span style=\"color: #007bb3\"><strong>S<\/strong><\/span>) \u00e8 uno dei principali esperimenti al <strong><span style=\"color: #007bb3\">L<\/span><\/strong>arge <span style=\"color: #007bb3\"><strong>H<\/strong><\/span>andron <span style=\"color: #007bb3\"><strong>C<\/strong><\/span>ollider (<span style=\"color: #007bb3\"><strong>LHC<\/strong><\/span>) al <span style=\"color: #007bb3\"><strong>CERN<\/strong><\/span> (<span style=\"color: #007bb3\"><strong>C<\/strong><\/span>onseil<span style=\"color: #007bb3\"><strong> E<\/strong><\/span>urop\u00e9en pour la <span style=\"color: #007bb3\"><strong>R<\/strong><\/span>echerche <span style=\"color: #007bb3\"><strong>N<\/strong><\/span>ucl\u00e9aire) di Ginevra.<\/span><\/p>\n<p><span style=\"font-family: Open Sans\">Permette di studiare attraverso la collisione delle particelle le previsoni fatte dal Modello Standard: teoria che racchiude le nostre attuali conoscenze sulle particelle elementari e come interagiscono tra di loro. <\/span><\/p>\n<p><span style=\"font-family: Open Sans\">Il servizio si occupa della realizzazione degli apparati necessari per testare le nuove camere del rivelatore <span style=\"color: #007bb3\"><strong>RPC<\/strong><\/span> (<span style=\"color: #007bb3\"><strong>R<\/strong><\/span>esistive <span style=\"color: #007bb3\"><strong>P<\/strong><\/span>late <span style=\"color: #007bb3\"><strong>C<\/strong><\/span>hamber) usate come trigger di muoni.<\/span><\/p>\n<hr>\n<p style=\"text-align: center\">&nbsp;<\/p>\n\n\n\n<figure id=\"attachment_39633\" aria-describedby=\"caption-attachment-39633\" style=\"width: 1024px\" class=\"wp-caption aligncenter\"><img loading=\"lazy\" decoding=\"async\" class=\"wp-image-39633 size-large\" src=\"\/progettazione\/wp-content\/uploads\/sites\/9\/2023\/03\/atlas-test-frame-1-1024x516.jpg\" alt=\"Test frame RPC\" width=\"1024\" height=\"516\" srcset=\"\/progettazione\/wp-content\/uploads\/sites\/9\/2023\/03\/atlas-test-frame-1-1024x516.jpg 1024w, \/progettazione\/wp-content\/uploads\/sites\/9\/2023\/03\/atlas-test-frame-1-300x151.jpg 300w, \/progettazione\/wp-content\/uploads\/sites\/9\/2023\/03\/atlas-test-frame-1-768x387.jpg 768w, \/progettazione\/wp-content\/uploads\/sites\/9\/2023\/03\/atlas-test-frame-1-1536x774.jpg 1536w, \/progettazione\/wp-content\/uploads\/sites\/9\/2023\/03\/atlas-test-frame-1-2048x1031.jpg 2048w\" sizes=\"auto, (max-width: 1024px) 100vw, 1024px\" \/><figcaption id=\"caption-attachment-39633\" class=\"wp-caption-text\">Test frame RPC<\/figcaption><\/figure>\n<p>&nbsp;<\/p>\n\n\n<p><a href=\"https:\/\/web.infn.it\/atlas_bologna\/\" data-wpel-link=\"external\" target=\"_blank\" rel=\"nofollow external noopener noreferrer\" title=\"Open page in new tab Sito web del gruppo ATLAS di Bologna\">Sito web del gruppo ATLAS di Bologna<\/a><\/p>\n<p><a href=\"https:\/\/web.infn.it\/atlas\/\" data-wpel-link=\"external\" target=\"_blank\" rel=\"nofollow external noopener noreferrer\" title=\"Open page in new tab Sito web di ATLAS Italia\">Sito web di ATLAS Italia<\/a><\/p>\n<p><a href=\"https:\/\/atlas.cern\/\" data-wpel-link=\"external\" target=\"_blank\" rel=\"nofollow external noopener noreferrer\" title=\"Open page in new tab Sito web di ATLAS del CERN\">Sito web di ATLAS del CERN<\/a><\/p>\n<p><a href=\"https:\/\/l.infn.it\/1aw\" data-wpel-link=\"external\" target=\"_blank\" rel=\"nofollow external noopener noreferrer\" title=\"Open page in new tab Infografica ATLAS\">Infografica ATLAS<\/a><\/p>","protected":false},"excerpt":{"rendered":"<p>ATLAS ATLAS ( A Toroidal LHC ApparatuS) \u00e8 uno dei principali esperimenti al Large Handron Collider (LHC) al CERN (Conseil Europ\u00e9en pour la Recherche Nucl\u00e9aire) di Ginevra. Permette di studiare attraverso la collisione delle particelle le previsoni fatte dal Modello Standard: teoria che racchiude le nostre attuali conoscenze sulle particelle elementari e come interagiscono tra [&hellip;]<\/p>\n","protected":false},"author":31,"featured_media":0,"parent":0,"menu_order":0,"comment_status":"closed","ping_status":"closed","template":"template-page-builder-no-sidebar.php","meta":{"_lmt_disableupdate":"no","_lmt_disable":"","footnotes":""},"class_list":["post-38765","page","type-page","status-publish","hentry"],"_links":{"self":[{"href":"\/progettazione\/wp-json\/wp\/v2\/pages\/38765","targetHints":{"allow":["GET"]}}],"collection":[{"href":"\/progettazione\/wp-json\/wp\/v2\/pages"}],"about":[{"href":"\/progettazione\/wp-json\/wp\/v2\/types\/page"}],"author":[{"embeddable":true,"href":"\/progettazione\/wp-json\/wp\/v2\/users\/31"}],"replies":[{"embeddable":true,"href":"\/progettazione\/wp-json\/wp\/v2\/comments?post=38765"}],"version-history":[{"count":16,"href":"\/progettazione\/wp-json\/wp\/v2\/pages\/38765\/revisions"}],"predecessor-version":[{"id":40215,"href":"\/progettazione\/wp-json\/wp\/v2\/pages\/38765\/revisions\/40215"}],"wp:attachment":[{"href":"\/progettazione\/wp-json\/wp\/v2\/media?parent=38765"}],"curies":[{"name":"wp","href":"https:\/\/api.w.org\/{rel}","templated":true}]}}